CRAN Package Check Results for Package hdpGLM

Last updated on 2021-04-17 09:50:02 CEST.

Flavor Version Tinstall Tcheck Ttotal Status Flags
r-devel-linux-x86_64-debian-clang 1.0.0 165.78 215.54 381.32 OK
r-devel-linux-x86_64-debian-gcc 1.0.0 114.66 171.16 285.82 OK
r-devel-linux-x86_64-fedora-clang 1.0.0 523.20 NOTE
r-devel-linux-x86_64-fedora-gcc 1.0.0 517.81 NOTE
r-devel-windows-ix86+x86_64 1.0.0 375.00 352.00 727.00 OK
r-devel-windows-x86_64-gcc10-UCRT 1.0.0 NOTE
r-patched-linux-x86_64 1.0.0 137.97 217.51 355.48 OK
r-patched-solaris-x86 1.0.0 516.70 NOTE
r-release-linux-x86_64 1.0.0 135.26 221.87 357.13 OK
r-release-macos-x86_64 1.0.0 NOTE
r-release-windows-ix86+x86_64 1.0.0 376.00 355.00 731.00 OK
r-oldrel-macos-x86_64 1.0.0 NOTE
r-oldrel-windows-ix86+x86_64 1.0.0 246.00 308.00 554.00 OK

Check Details

Version: 1.0.0
Check: package dependencies
Result: NOTE
    Imports includes 23 non-default packages.
    Importing from so many packages makes the package vulnerable to any of
    them becoming unavailable. Move as many as possible to Suggests and
    use conditionally.
Flavor: r-devel-linux-x86_64-fedora-clang

Version: 1.0.0
Check: installed package size
Result: NOTE
     installed size is 9.0Mb
     sub-directories of 1Mb or more:
     libs 8.3Mb
Flavors: r-devel-linux-x86_64-fedora-clang, r-release-macos-x86_64, r-oldrel-macos-x86_64

Version: 1.0.0
Check: dependencies in R code
Result: NOTE
    Namespaces in Imports field not imported from:
     ‘MCMCpack’ ‘ggjoy’ ‘isotone’ ‘mvtnorm’ ‘questionr’ ‘rprojroot’
     ‘tidyverse’
     All declared Imports should be used.
Flavors: r-devel-linux-x86_64-fedora-clang, r-devel-linux-x86_64-fedora-gcc, r-devel-windows-x86_64-gcc10-UCRT, r-patched-solaris-x86, r-release-macos-x86_64, r-oldrel-macos-x86_64