CRAN Package Check Results for Package hdtg

Last updated on 2022-10-03 06:53:21 CEST.

Flavor Version Tinstall Tcheck Ttotal Status Flags
r-devel-linux-x86_64-debian-clang 0.2.0 54.25 37.63 91.88 OK
r-devel-linux-x86_64-debian-gcc 0.2.0 44.13 30.00 74.13 OK
r-devel-linux-x86_64-fedora-clang 0.2.0 146.50 OK
r-devel-linux-x86_64-fedora-gcc 0.2.0 153.42 OK
r-devel-windows-x86_64 0.2.0 54.00 87.00 141.00 OK
r-patched-linux-x86_64 0.2.0 52.79 37.56 90.35 OK
r-release-linux-x86_64 0.2.0 51.56 37.07 88.63 OK
r-release-macos-arm64 0.2.0 39.00 NOTE
r-release-macos-x86_64 0.2.0 52.00 NOTE
r-release-windows-x86_64 0.2.0 71.00 87.00 158.00 OK
r-oldrel-macos-arm64 0.2.0 39.00 NOTE
r-oldrel-macos-x86_64 0.2.0 55.00 NOTE
r-oldrel-windows-ix86+x86_64 0.2.0 129.00 90.00 219.00 OK

Check Details

Version: 0.2.0
Check: installed package size
Result: NOTE
     installed size is 10.2Mb
     sub-directories of 1Mb or more:
     libs 10.1Mb
Flavors: r-release-macos-arm64, r-release-macos-x86_64, r-oldrel-macos-arm64, r-oldrel-macos-x86_64