CRAN Package Check Results for Package healthcareai

Last updated on 2019-04-23 13:56:30 CEST.

Flavor Version Tinstall Tcheck Ttotal Status Flags
r-devel-linux-x86_64-debian-clang 2.3.0 17.31 240.34 257.65 OK
r-devel-linux-x86_64-debian-gcc 2.3.0 14.44 225.76 240.20 OK
r-devel-linux-x86_64-fedora-clang 2.3.0 279.79 OK
r-devel-linux-x86_64-fedora-gcc 2.3.0 266.42 OK
r-devel-windows-ix86+x86_64 2.3.0 43.00 214.00 257.00 OK
r-patched-linux-x86_64 2.3.0 16.19 218.91 235.10 OK
r-patched-solaris-x86 2.3.0 4.20 ERROR
r-release-linux-x86_64 2.3.0 11.67 235.43 247.10 OK
r-release-windows-ix86+x86_64 2.3.0 23.00 197.00 220.00 OK
r-release-osx-x86_64 2.3.0 OK
r-oldrel-windows-ix86+x86_64 2.3.0 25.00 326.00 351.00 OK
r-oldrel-osx-x86_64 2.3.0 OK

Check Details

Version: 2.3.0
Check: package dependencies
Result: ERROR
    Package required but not available: ‘xgboost’
    
    See section ‘The DESCRIPTION file’ in the ‘Writing R Extensions’
    manual.
Flavor: r-patched-solaris-x86