CRAN Package Check Results for Package healthyR.ai

Last updated on 2021-10-23 03:28:45 CEST.

Flavor Version Tinstall Tcheck Ttotal Status Flags
r-devel-linux-x86_64-debian-clang 0.0.2 3.29 57.53 60.82 OK
r-devel-linux-x86_64-debian-gcc 0.0.2 2.40 44.02 46.42 OK
r-devel-linux-x86_64-fedora-clang 0.0.2 86.58 NOTE
r-devel-linux-x86_64-fedora-gcc 0.0.2 74.14 NOTE
r-devel-windows-x86_64 0.0.2 7.00 84.00 91.00 OK
r-devel-windows-x86_64-gcc10-UCRT 0.0.2 NOTE
r-patched-linux-x86_64 0.0.2 3.79 54.74 58.53 OK
r-patched-solaris-x86 0.0.2 94.00 NOTE
r-release-linux-x86_64 0.0.2 3.18 53.71 56.89 OK
r-release-macos-arm64 0.0.2 NOTE
r-release-macos-x86_64 0.0.2 NOTE
r-release-windows-ix86+x86_64 0.0.2 6.00 65.00 71.00 OK
r-oldrel-macos-x86_64 0.0.2 NOTE
r-oldrel-windows-ix86+x86_64 0.0.2 9.00 84.00 93.00 OK

Check Details

Version: 0.0.2
Check: dependencies in R code
Result: NOTE
    Namespaces in Imports field not imported from:
     ‘parsnip’ ‘rsample’ ‘timetk’
     All declared Imports should be used.
Flavors: r-devel-linux-x86_64-fedora-clang, r-devel-linux-x86_64-fedora-gcc, r-devel-windows-x86_64-gcc10-UCRT, r-patched-solaris-x86, r-release-macos-arm64, r-release-macos-x86_64, r-oldrel-macos-x86_64