Last updated on 2025-06-21 06:49:33 CEST.
Flavor | Version | Tinstall | Tcheck | Ttotal | Status | Flags |
---|---|---|---|---|---|---|
r-devel-linux-x86_64-debian-clang | 1.2.0 | 20.67 | 36.54 | 57.21 | OK | |
r-devel-linux-x86_64-debian-gcc | 1.2.0 | 17.32 | 28.00 | 45.32 | OK | |
r-devel-linux-x86_64-fedora-clang | 1.2.0 | 83.22 | OK | |||
r-devel-linux-x86_64-fedora-gcc | 1.2.0 | 78.79 | OK | |||
r-devel-windows-x86_64 | 1.2.0 | 22.00 | 59.00 | 81.00 | OK | |
r-patched-linux-x86_64 | 1.2.0 | 21.39 | 33.33 | 54.72 | OK | |
r-release-linux-x86_64 | 1.2.0 | 19.56 | 33.15 | 52.71 | OK | |
r-release-macos-arm64 | 1.2.0 | 49.00 | OK | |||
r-release-macos-x86_64 | 1.2.0 | 75.00 | OK | |||
r-release-windows-x86_64 | 1.2.0 | 21.00 | 60.00 | 81.00 | OK | |
r-oldrel-macos-arm64 | 1.2.0 | 44.00 | NOTE | |||
r-oldrel-macos-x86_64 | 1.2.0 | 108.00 | NOTE | |||
r-oldrel-windows-x86_64 | 1.2.0 | 29.00 | 68.00 | 97.00 | OK |
Version: 1.2.0
Check: installed package size
Result: NOTE
installed size is 5.2Mb
sub-directories of 1Mb or more:
data 4.9Mb
Flavors: r-oldrel-macos-arm64, r-oldrel-macos-x86_64