CRAN Package Check Results for Package healthyverse

Last updated on 2021-05-18 03:48:47 CEST.

Flavor Version Tinstall Tcheck Ttotal Status Flags
r-devel-linux-x86_64-debian-clang 1.0.0 4.04 38.75 42.79 NOTE
r-devel-linux-x86_64-debian-gcc 1.0.0 3.31 28.54 31.85 NOTE
r-devel-linux-x86_64-fedora-clang 1.0.0 62.55 NOTE
r-devel-linux-x86_64-fedora-gcc 1.0.0 51.35 NOTE
r-devel-windows-ix86+x86_64 1.0.0 15.00 52.00 67.00 NOTE
r-devel-windows-x86_64-gcc10-UCRT 1.0.0 NOTE
r-patched-linux-x86_64 1.0.0 4.00 36.37 40.37 NOTE
r-patched-solaris-x86 1.0.0 71.70 NOTE
r-release-linux-x86_64 1.0.0 4.02 35.83 39.85 OK
r-release-macos-x86_64 1.0.0 NOTE
r-release-windows-ix86+x86_64 1.0.0 9.00 45.00 54.00 OK
r-oldrel-macos-x86_64 1.0.0 NOTE
r-oldrel-windows-ix86+x86_64 1.0.0 9.00 57.00 66.00 OK

Check Details

Version: 1.0.0
Check: LazyData
Result: NOTE
     'LazyData' is specified without a 'data' directory
Flavors: r-devel-linux-x86_64-debian-clang, r-devel-linux-x86_64-debian-gcc, r-devel-linux-x86_64-fedora-clang, r-devel-linux-x86_64-fedora-gcc, r-devel-windows-ix86+x86_64, r-devel-windows-x86_64-gcc10-UCRT, r-patched-linux-x86_64, r-patched-solaris-x86

Version: 1.0.0
Check: dependencies in R code
Result: NOTE
    Namespaces in Imports field not imported from:
     ‘healthyR’ ‘healthyR.data’ ‘healthyR.ts’
     All declared Imports should be used.
Flavors: r-devel-linux-x86_64-fedora-clang, r-devel-linux-x86_64-fedora-gcc, r-devel-windows-x86_64-gcc10-UCRT, r-patched-solaris-x86, r-release-macos-x86_64, r-oldrel-macos-x86_64