CRAN Package Check Results for Package heatmap3

Last updated on 2024-06-19 01:48:21 CEST.

Flavor Version Tinstall Tcheck Ttotal Status Flags
r-devel-linux-x86_64-debian-clang 1.1.9 2.50 35.27 37.77 NOTE
r-devel-linux-x86_64-debian-gcc 1.1.9 2.34 27.01 29.35 NOTE
r-devel-linux-x86_64-fedora-clang 1.1.9 49.15 NOTE
r-devel-linux-x86_64-fedora-gcc 1.1.9 59.19 NOTE
r-devel-windows-x86_64 1.1.9 4.00 61.00 65.00 NOTE
r-patched-linux-x86_64 1.1.9 3.01 34.03 37.04 NOTE
r-release-linux-x86_64 1.1.9 2.87 33.92 36.79 NOTE
r-release-macos-arm64 1.1.9 23.00 NOTE
r-release-macos-x86_64 1.1.9 46.00 WARN
r-release-windows-x86_64 1.1.9 3.00 63.00 66.00 NOTE
r-oldrel-macos-arm64 1.1.9 24.00 OK
r-oldrel-macos-x86_64 1.1.9 35.00 OK
r-oldrel-windows-x86_64 1.1.9 3.00 74.00 77.00 OK

Check Details

Version: 1.1.9
Check: Rd files
Result: NOTE checkRd: (-1) colByValue.Rd:20: Lost braces; missing escapes or markup? 20 | \item{las}{numeric in {0,1,2,3}; the style of axis labels.} | ^ Flavors: r-devel-linux-x86_64-debian-clang, r-devel-linux-x86_64-debian-gcc, r-devel-linux-x86_64-fedora-clang, r-devel-linux-x86_64-fedora-gcc, r-devel-windows-x86_64, r-patched-linux-x86_64, r-release-linux-x86_64, r-release-macos-arm64, r-release-macos-x86_64, r-release-windows-x86_64

Version: 1.1.9
Check: re-building of vignette outputs
Result: WARN Error(s) in re-building vignettes: ... --- re-building ‘vignette.Rnw’ using knitr Error: processing vignette 'vignette.Rnw' failed with diagnostics: Running 'texi2dvi' on 'vignette.tex' failed. LaTeX errors: ! Undefined control sequence. l.86 \hlkwd{library}\hldef {(heatmap3)} ? ! Emergency stop. ! Emergency stop. l.86 End of file on the terminal! ! ==> Fatal error occurred, no output PDF file produced! --- failed re-building ‘vignette.Rnw’ SUMMARY: processing the following file failed: ‘vignette.Rnw’ Error: Vignette re-building failed. Execution halted Flavor: r-release-macos-x86_64