CRAN Package Check Results for Package heatmapFit

Last updated on 2021-12-03 10:50:52 CET.

Flavor Version Tinstall Tcheck Ttotal Status Flags
r-devel-linux-x86_64-debian-clang 2.0.4 2.60 21.51 24.11 NOTE
r-devel-linux-x86_64-debian-gcc 2.0.4 1.94 17.08 19.02 NOTE
r-devel-linux-x86_64-fedora-clang 2.0.4 42.48 NOTE
r-devel-linux-x86_64-fedora-gcc 2.0.4 31.16 NOTE
r-devel-windows-x86_64-new-UL 2.0.4 5.00 52.00 57.00 NOTE
r-devel-windows-x86_64-new-TK 2.0.4 NOTE
r-devel-windows-x86_64-old 2.0.4 4.00 30.00 34.00 NOTE
r-patched-linux-x86_64 2.0.4 2.27 20.62 22.89 NOTE
r-patched-solaris-x86 2.0.4 46.20 NOTE
r-release-linux-x86_64 2.0.4 1.93 20.66 22.59 NOTE
r-release-macos-arm64 2.0.4 NOTE
r-release-macos-x86_64 2.0.4 NOTE
r-release-windows-ix86+x86_64 2.0.4 4.00 30.00 34.00 NOTE
r-oldrel-macos-x86_64 2.0.4 OK
r-oldrel-windows-ix86+x86_64 2.0.4 4.00 28.00 32.00 OK

Check Details

Version: 2.0.4
Check: LazyData
Result: NOTE
     'LazyData' is specified without a 'data' directory
Flavors: r-devel-linux-x86_64-debian-clang, r-devel-linux-x86_64-debian-gcc, r-devel-linux-x86_64-fedora-clang, r-devel-linux-x86_64-fedora-gcc, r-devel-windows-x86_64-new-UL, r-devel-windows-x86_64-new-TK, r-devel-windows-x86_64-old, r-patched-linux-x86_64, r-patched-solaris-x86, r-release-linux-x86_64, r-release-macos-arm64, r-release-macos-x86_64, r-release-windows-ix86+x86_64