CRAN Package Check Results for Package heatmapFlex

Last updated on 2021-10-17 08:50:38 CEST.

Flavor Version Tinstall Tcheck Ttotal Status Flags
r-devel-linux-x86_64-debian-clang 0.1.2 5.33 46.98 52.31 OK
r-devel-linux-x86_64-debian-gcc 0.1.2 4.31 36.70 41.01 OK
r-devel-linux-x86_64-fedora-clang 0.1.2 72.29 OK
r-devel-linux-x86_64-fedora-gcc 0.1.2 62.48 OK
r-devel-windows-x86_64 0.1.2 11.00 68.00 79.00 OK
r-devel-windows-x86_64-gcc10-UCRT 0.1.2 OK
r-patched-linux-x86_64 0.1.2 5.85 46.30 52.15 OK
r-patched-solaris-x86 0.1.2 93.90 OK
r-release-linux-x86_64 0.1.2 4.59 46.33 50.92 OK
r-release-macos-arm64 0.1.2 ERROR
r-release-macos-x86_64 0.1.2 ERROR
r-release-windows-ix86+x86_64 0.1.2 8.00 68.00 76.00 OK
r-oldrel-macos-x86_64 0.1.2 ERROR
r-oldrel-windows-ix86+x86_64 0.1.2 13.00 67.00 80.00 OK

Check Details

Version: 0.1.2
Check: package dependencies
Result: ERROR
    Package required but not available: ‘Heatplus’
    
    See section ‘The DESCRIPTION file’ in the ‘Writing R Extensions’
    manual.
Flavors: r-release-macos-arm64, r-release-macos-x86_64, r-oldrel-macos-x86_64