CRAN Package Check Results for Package heddlr

Last updated on 2020-11-27 09:50:27 CET.

Flavor Version Tinstall Tcheck Ttotal Status Flags
r-devel-linux-x86_64-debian-clang 0.6.0 2.83 32.56 35.39 OK
r-devel-linux-x86_64-debian-gcc 0.6.0 2.08 23.63 25.71 OK
r-devel-linux-x86_64-fedora-clang 0.6.0 46.33 NOTE
r-devel-linux-x86_64-fedora-gcc 0.6.0 38.34 OK
r-devel-windows-ix86+x86_64 0.6.0 5.00 44.00 49.00 OK
r-patched-linux-x86_64 0.6.0 2.84 32.04 34.88 OK
r-patched-solaris-x86 0.6.0 54.20 OK
r-release-linux-x86_64 0.6.0 2.77 32.23 35.00 OK
r-release-macos-x86_64 0.6.0 OK
r-release-windows-ix86+x86_64 0.6.0 5.00 47.00 52.00 OK
r-oldrel-macos-x86_64 0.6.0 OK
r-oldrel-windows-ix86+x86_64 0.6.0 5.00 45.00 50.00 OK

Check Details

Version: 0.6.0
Check: Rd cross-references
Result: NOTE
    Undeclared package ‘tibble’ in Rd xrefs
Flavor: r-devel-linux-x86_64-fedora-clang