CRAN Package Check Results for Package heemod

Last updated on 2019-11-21 19:48:40 CET.

Flavor Version Tinstall Tcheck Ttotal Status Flags
r-devel-linux-x86_64-debian-clang 0.11.0 11.61 323.80 335.41 NOTE
r-devel-linux-x86_64-debian-gcc 0.11.0 10.21 254.62 264.83 NOTE
r-devel-linux-x86_64-fedora-clang 0.11.0 389.38 NOTE
r-devel-linux-x86_64-fedora-gcc 0.11.0 410.25 NOTE
r-devel-windows-ix86+x86_64 0.11.0 46.00 421.00 467.00 OK
r-devel-windows-ix86+x86_64-gcc8 0.11.0 25.00 308.00 333.00 OK
r-patched-linux-x86_64 0.11.0 11.07 311.50 322.57 NOTE
r-patched-solaris-x86 0.11.0 507.20 NOTE
r-release-linux-x86_64 0.11.0 12.76 303.63 316.39 NOTE
r-release-windows-ix86+x86_64 0.11.0 38.00 443.00 481.00 OK
r-release-osx-x86_64 0.11.0 OK
r-oldrel-windows-ix86+x86_64 0.11.0 17.00 388.00 405.00 OK
r-oldrel-osx-x86_64 0.11.0 OK

Check Details

Version: 0.11.0
Check: package dependencies
Result: NOTE
    Package suggested but not available for checking: 'rgho'
Flavors: r-devel-linux-x86_64-debian-clang, r-devel-linux-x86_64-debian-gcc, r-devel-linux-x86_64-fedora-clang, r-devel-linux-x86_64-fedora-gcc, r-patched-linux-x86_64, r-patched-solaris-x86, r-release-linux-x86_64