Last updated on 2023-12-06 04:55:53 CET.
Flavor | Version | Tinstall | Tcheck | Ttotal | Status | Flags |
---|---|---|---|---|---|---|
r-devel-linux-x86_64-debian-clang | 1.1.1 | 36.70 | 320.34 | 357.04 | OK | |
r-devel-linux-x86_64-debian-gcc | 1.1.2 | 31.63 | 242.57 | 274.20 | OK | |
r-devel-linux-x86_64-fedora-clang | 1.1.2 | 448.01 | OK | |||
r-devel-linux-x86_64-fedora-gcc | 1.1.2 | 430.33 | OK | |||
r-devel-windows-x86_64 | 1.1.2 | 28.00 | 197.00 | 225.00 | OK | |
r-patched-linux-x86_64 | 1.1.0 | 25.18 | 305.25 | 330.43 | OK | |
r-release-linux-x86_64 | 1.1.1 | 27.08 | 313.04 | 340.12 | OK | |
r-release-macos-arm64 | 1.1.2 | 101.00 | OK | |||
r-release-macos-x86_64 | 1.1.2 | 245.00 | OK | |||
r-release-windows-x86_64 | 1.1.2 | 27.00 | 233.00 | 260.00 | OK | |
r-oldrel-macos-arm64 | 1.1.2 | 96.00 | OK | |||
r-oldrel-macos-x86_64 | 0.2.0 | 127.00 | NOTE | |||
r-oldrel-windows-x86_64 | 1.1.0 | 30.00 | 242.00 | 272.00 | OK |
Version: 0.2.0
Check: installed package size
Result: NOTE
installed size is 5.1Mb
sub-directories of 1Mb or more:
extdata 3.3Mb
help 1.6Mb
Flavor: r-oldrel-macos-x86_64