CRAN Package Check Results for Package heplots

Last updated on 2019-05-25 09:54:12 CEST.

Flavor Version Tinstall Tcheck Ttotal Status Flags
r-devel-linux-x86_64-debian-clang 1.3-5 6.54 106.36 112.90 NOTE
r-devel-linux-x86_64-debian-gcc 1.3-5 5.92 78.84 84.76 NOTE
r-devel-linux-x86_64-fedora-clang 1.3-5 134.01 NOTE
r-devel-linux-x86_64-fedora-gcc 1.3-5 129.62 NOTE
r-devel-windows-ix86+x86_64 1.3-5 16.00 204.00 220.00 OK
r-patched-linux-x86_64 1.3-5 NOTE
r-patched-solaris-x86 1.3-5 174.30 NOTE
r-release-linux-x86_64 1.3-5 7.90 103.39 111.29 NOTE
r-release-windows-ix86+x86_64 1.3-5 26.00 156.00 182.00 OK
r-release-osx-x86_64 1.3-5 NOTE
r-oldrel-windows-ix86+x86_64 1.3-5 16.00 126.00 142.00 OK
r-oldrel-osx-x86_64 1.3-5 OK

Check Details

Version: 1.3-5
Check: package dependencies
Result: NOTE
    Package suggested but not available for checking: 'FRB'
Flavors: r-devel-linux-x86_64-debian-clang, r-devel-linux-x86_64-debian-gcc, r-devel-linux-x86_64-fedora-clang, r-devel-linux-x86_64-fedora-gcc, r-patched-linux-x86_64, r-patched-solaris-x86, r-release-linux-x86_64

Version: 1.3-5
Check: package dependencies
Result: NOTE
    Packages suggested but not available for checking: 'rgl', 'FRB'
Flavor: r-release-osx-x86_64