Last updated on 2023-03-24 19:49:49 CET.
Flavor | Version | Tinstall | Tcheck | Ttotal | Status | Flags |
---|---|---|---|---|---|---|
r-devel-linux-x86_64-debian-clang | 1.0.1 | 1.75 | 31.98 | 33.73 | NOTE | |
r-devel-linux-x86_64-debian-gcc | 1.0.1 | 1.62 | 24.78 | 26.40 | NOTE | |
r-devel-linux-x86_64-fedora-clang | 1.0.1 | 45.25 | NOTE | |||
r-devel-linux-x86_64-fedora-gcc | 1.0.1 | 51.89 | NOTE | |||
r-patched-linux-x86_64 | 1.0.1 | 2.02 | 32.59 | 34.61 | NOTE | |
r-release-linux-x86_64 | 1.0.1 | 2.07 | 32.81 | 34.88 | NOTE | |
r-release-macos-arm64 | 1.0.1 | 25.00 | NOTE | |||
r-release-macos-x86_64 | 1.0.1 | 28.00 | NOTE | |||
r-release-windows-x86_64 | 1.0.1 | 20.00 | 68.00 | 88.00 | NOTE | |
r-oldrel-macos-arm64 | 1.0.1 | 24.00 | NOTE | |||
r-oldrel-macos-x86_64 | 1.0.1 | 35.00 | NOTE | |||
r-oldrel-windows-ix86+x86_64 | 1.0.1 | 6.00 | 84.00 | 90.00 | NOTE |
Version: 1.0.1
Check: LazyData
Result: NOTE
'LazyData' is specified without a 'data' directory
Flavors: r-devel-linux-x86_64-debian-clang, r-devel-linux-x86_64-debian-gcc, r-devel-linux-x86_64-fedora-clang, r-devel-linux-x86_64-fedora-gcc, r-patched-linux-x86_64, r-release-linux-x86_64, r-release-macos-arm64, r-release-macos-x86_64, r-release-windows-x86_64, r-oldrel-macos-arm64, r-oldrel-macos-x86_64, r-oldrel-windows-ix86+x86_64