CRAN Package Check Results for Package heritability

Last updated on 2021-10-18 21:55:00 CEST.

Flavor Version Tinstall Tcheck Ttotal Status Flags
r-devel-linux-x86_64-debian-clang 1.3 3.53 32.57 36.10 NOTE
r-devel-linux-x86_64-debian-gcc 1.3 2.50 26.10 28.60 NOTE
r-devel-linux-x86_64-fedora-clang 1.3 56.12 NOTE
r-devel-linux-x86_64-fedora-gcc 1.3 43.97 NOTE
r-devel-windows-x86_64 1.3 6.00 51.00 57.00 OK
r-devel-windows-x86_64-gcc10-UCRT 1.3 NOTE
r-patched-linux-x86_64 1.3 3.87 32.11 35.98 NOTE
r-patched-solaris-x86 1.3 65.70 NOTE
r-release-linux-x86_64 1.3 3.46 32.35 35.81 NOTE
r-release-macos-arm64 1.3 NOTE
r-release-macos-x86_64 1.3 NOTE
r-release-windows-ix86+x86_64 1.3 6.00 55.00 61.00 OK
r-oldrel-macos-x86_64 1.3 NOTE
r-oldrel-windows-ix86+x86_64 1.3 8.00 50.00 58.00 OK

Check Details

Version: 1.3
Check: package dependencies
Result: NOTE
    Package suggested but not available for checking: 'synbreed'
Flavors: r-devel-linux-x86_64-debian-clang, r-devel-linux-x86_64-debian-gcc, r-devel-linux-x86_64-fedora-clang, r-devel-linux-x86_64-fedora-gcc, r-devel-windows-x86_64-gcc10-UCRT, r-patched-linux-x86_64, r-patched-solaris-x86, r-release-linux-x86_64, r-release-macos-arm64, r-release-macos-x86_64, r-oldrel-macos-x86_64