Last updated on 2025-01-24 00:48:32 CET.
Flavor | Version | Tinstall | Tcheck | Ttotal | Status | Flags |
---|---|---|---|---|---|---|
r-devel-linux-x86_64-debian-clang | 0.6 | 9.46 | 98.92 | 108.38 | NOTE | |
r-devel-linux-x86_64-debian-gcc | 0.6 | 6.81 | 69.01 | 75.82 | NOTE | |
r-devel-linux-x86_64-fedora-clang | 0.6 | 178.61 | NOTE | |||
r-devel-linux-x86_64-fedora-gcc | 0.6 | 158.64 | NOTE | |||
r-devel-windows-x86_64 | 0.6 | 11.00 | 117.00 | 128.00 | NOTE | |
r-patched-linux-x86_64 | 0.6 | 10.48 | 94.44 | 104.92 | NOTE | |
r-release-linux-x86_64 | 0.6 | 9.21 | 91.91 | 101.12 | NOTE | |
r-release-macos-arm64 | 0.6 | 52.00 | NOTE | |||
r-release-macos-x86_64 | 0.6 | 81.00 | NOTE | |||
r-release-windows-x86_64 | 0.6 | 11.00 | 116.00 | 127.00 | NOTE | |
r-oldrel-macos-arm64 | 0.6 | 55.00 | NOTE | |||
r-oldrel-macos-x86_64 | 0.6 | 99.00 | NOTE | |||
r-oldrel-windows-x86_64 | 0.6 | 14.00 | 143.00 | 157.00 | OK |
Version: 0.6
Check: Rd files
Result: NOTE
checkRd: (-1) hero.Rd:67-68: Lost braces
67 | then \code{\link[pbapply]{pblapply}} is used. If code{package ==
| ^
checkRd: (-1) hero.Rd:69: Lost braces
69 | code{package == "Rmpi"}, then \code{\link[Rmpi]{mpi.applyLB}} is used.}
| ^
Flavors: r-devel-linux-x86_64-debian-clang, r-devel-linux-x86_64-debian-gcc, r-devel-linux-x86_64-fedora-clang, r-devel-linux-x86_64-fedora-gcc, r-devel-windows-x86_64, r-patched-linux-x86_64, r-release-linux-x86_64, r-release-macos-arm64, r-release-macos-x86_64, r-release-windows-x86_64
Version: 0.6
Check: package dependencies
Result: NOTE
Package suggested but not available for checking: ‘Rmpi’
Flavors: r-release-macos-arm64, r-release-macos-x86_64, r-oldrel-macos-arm64, r-oldrel-macos-x86_64
Version: 0.6
Check: Rd cross-references
Result: NOTE
Package unavailable to check Rd xrefs: ‘Rmpi’
Flavors: r-release-macos-arm64, r-release-macos-x86_64, r-oldrel-macos-arm64, r-oldrel-macos-x86_64