Last updated on 2023-09-27 21:01:25 CEST.
Flavor | Version | Tinstall | Tcheck | Ttotal | Status | Flags |
---|---|---|---|---|---|---|
r-devel-linux-x86_64-debian-clang | 0.6 | 11.51 | 127.17 | 138.68 | OK | |
r-devel-linux-x86_64-debian-gcc | 0.6 | 10.25 | 98.06 | 108.31 | OK | |
r-devel-linux-x86_64-fedora-clang | 0.6 | 166.45 | OK | |||
r-devel-linux-x86_64-fedora-gcc | 0.6 | 173.41 | OK | |||
r-devel-windows-x86_64 | 0.6 | 11.00 | 118.00 | 129.00 | OK | |
r-patched-linux-x86_64 | 0.6 | 9.50 | 125.24 | 134.74 | OK | |
r-release-linux-x86_64 | 0.6 | 7.91 | 122.35 | 130.26 | OK | |
r-release-macos-arm64 | 0.6 | 55.00 | NOTE | |||
r-release-macos-x86_64 | 0.6 | 99.00 | NOTE | |||
r-release-windows-x86_64 | 0.6 | 14.00 | 146.00 | 160.00 | OK | |
r-oldrel-macos-arm64 | 0.6 | 59.00 | NOTE | |||
r-oldrel-macos-x86_64 | 0.6 | 86.00 | NOTE | |||
r-oldrel-windows-x86_64 | 0.6 | 15.00 | 140.00 | 155.00 | OK |
Version: 0.6
Check: package dependencies
Result: NOTE
Package suggested but not available for checking: ‘Rmpi’
Flavors: r-release-macos-arm64, r-release-macos-x86_64, r-oldrel-macos-arm64, r-oldrel-macos-x86_64
Version: 0.6
Check: Rd cross-references
Result: NOTE
Package unavailable to check Rd xrefs: ‘Rmpi’
Flavors: r-release-macos-arm64, r-release-macos-x86_64, r-oldrel-macos-arm64, r-oldrel-macos-x86_64