CRAN Package Check Results for Package het.test

Last updated on 2020-01-18 17:46:31 CET.

Flavor Version Tinstall Tcheck Ttotal Status Flags
r-devel-linux-x86_64-debian-clang 0.1 5.10 29.65 34.75 WARN
r-devel-linux-x86_64-debian-gcc 0.1 3.29 24.62 27.91 WARN
r-devel-linux-x86_64-fedora-clang 0.1 39.94 WARN
r-devel-linux-x86_64-fedora-gcc 0.1 45.21 WARN
r-devel-windows-ix86+x86_64 0.1 17.00 48.00 65.00 WARN
r-devel-windows-ix86+x86_64-gcc8 0.1 13.00 67.00 80.00 WARN
r-patched-linux-x86_64 0.1 2.78 27.77 30.55 NOTE
r-patched-solaris-x86 0.1 59.50 NOTE
r-release-linux-x86_64 0.1 3.06 27.85 30.91 NOTE
r-release-windows-ix86+x86_64 0.1 12.00 46.00 58.00 NOTE
r-release-osx-x86_64 0.1 NOTE
r-oldrel-windows-ix86+x86_64 0.1 8.00 43.00 51.00 NOTE
r-oldrel-osx-x86_64 0.1 NOTE

Check Details

Version: 0.1
Check: whether the namespace can be loaded with stated dependencies
Result: NOTE
    Warning: no function found corresponding to methods exports from 'het.test' for: 'show'
    
    A namespace must be able to be loaded with just the base namespace
    loaded: otherwise if the namespace gets loaded by a saved object, the
    session will be unable to start.
    
    Probably some imports need to be declared in the NAMESPACE file.
Flavors: r-devel-linux-x86_64-debian-clang, r-devel-linux-x86_64-debian-gcc, r-devel-linux-x86_64-fedora-clang, r-devel-linux-x86_64-fedora-gcc, r-devel-windows-ix86+x86_64, r-devel-windows-ix86+x86_64-gcc8, r-patched-linux-x86_64, r-patched-solaris-x86, r-release-linux-x86_64, r-release-windows-ix86+x86_64, r-release-osx-x86_64, r-oldrel-windows-ix86+x86_64, r-oldrel-osx-x86_64

Version: 0.1
Check: dependencies in R code
Result: NOTE
    Packages in Depends field not imported from:
     'methods' 'vars'
     These packages need to be imported from (in the NAMESPACE file)
     for when this namespace is loaded but not attached.
Flavors: r-devel-linux-x86_64-debian-clang, r-devel-linux-x86_64-debian-gcc, r-devel-linux-x86_64-fedora-clang, r-devel-linux-x86_64-fedora-gcc, r-devel-windows-ix86+x86_64, r-devel-windows-ix86+x86_64-gcc8, r-patched-linux-x86_64, r-patched-solaris-x86, r-release-linux-x86_64, r-release-windows-ix86+x86_64, r-release-osx-x86_64, r-oldrel-windows-ix86+x86_64, r-oldrel-osx-x86_64

Version: 0.1
Check: R code for possible problems
Result: NOTE
    whites.htest: no visible global function definition for 'residuals'
    whites.htest: no visible global function definition for 'lm'
    whites.htest: no visible global function definition for 'pchisq'
    whites.htest: no visible global function definition for 'new'
    Undefined global functions or variables:
     lm new pchisq residuals
    Consider adding
     importFrom("methods", "new")
     importFrom("stats", "lm", "pchisq", "residuals")
    to your NAMESPACE file (and ensure that your DESCRIPTION Imports field
    contains 'methods').
Flavors: r-devel-linux-x86_64-debian-clang, r-devel-linux-x86_64-debian-gcc, r-devel-linux-x86_64-fedora-clang, r-devel-linux-x86_64-fedora-gcc, r-devel-windows-ix86+x86_64, r-devel-windows-ix86+x86_64-gcc8, r-patched-linux-x86_64, r-patched-solaris-x86, r-release-linux-x86_64, r-release-windows-ix86+x86_64, r-release-osx-x86_64, r-oldrel-windows-ix86+x86_64, r-oldrel-osx-x86_64

Version: 0.1
Check: for missing documentation entries
Result: WARN
    Undocumented S4 classes:
     'otherornull'
    All user-level objects in a package (including S4 classes and methods)
    should have documentation entries.
    See chapter 'Writing R documentation files' in the 'Writing R
    Extensions' manual.
Flavors: r-devel-linux-x86_64-debian-clang, r-devel-linux-x86_64-debian-gcc, r-devel-linux-x86_64-fedora-clang, r-devel-linux-x86_64-fedora-gcc, r-devel-windows-ix86+x86_64, r-devel-windows-ix86+x86_64-gcc8