CRAN Package Check Results for Package hetGP

Last updated on 2020-07-06 04:47:38 CEST.

Flavor Version Tinstall Tcheck Ttotal Status Flags
r-devel-linux-x86_64-debian-clang 1.1.2 76.22 140.59 216.81 OK --no-vignettes
r-devel-linux-x86_64-debian-gcc 1.1.2 55.00 101.22 156.22 OK --no-vignettes
r-devel-linux-x86_64-fedora-clang 1.1.2 277.12 OK --no-vignettes
r-devel-linux-x86_64-fedora-gcc 1.1.2 254.66 OK --no-vignettes
r-devel-windows-ix86+x86_64 1.1.2 195.00 194.00 389.00 OK --no-vignettes
r-patched-linux-x86_64 1.1.2 56.67 137.20 193.87 OK --no-vignettes
r-patched-solaris-x86 1.1.2 288.40 OK --no-vignettes
r-release-linux-x86_64 1.1.2 55.91 136.47 192.38 OK --no-vignettes
r-release-osx-x86_64 1.1.2 FAIL
r-release-windows-ix86+x86_64 1.1.2 140.00 191.00 331.00 OK --no-vignettes
r-oldrel-osx-x86_64 1.1.2 WARN
r-oldrel-windows-ix86+x86_64 1.1.2 138.00 251.00 389.00 OK --no-vignettes

Check Details

Version: 1.1.2
Check: re-building of vignette outputs
Result: WARN
    Error(s) in re-building vignettes:
     ...
    --- re-building ‘hetGP_vignette.Rnw’ using knitr
    
    Execution halted
Flavor: r-release-osx-x86_64

Version: 1.1.2
Check: PDF version of manual
Result: FAIL
Flavor: r-release-osx-x86_64

Version: 1.1.2
Check: re-building of vignette outputs
Result: WARN
    Error(s) in re-building vignettes:
     ...
    --- re-building ‘hetGP_vignette.Rnw’ using knitr
    Quitting from lines 434-443 (hetGP_vignette.Rnw)
    Error: processing vignette 'hetGP_vignette.Rnw' failed with diagnostics:
    invalid 'z' limits
    --- failed re-building ‘hetGP_vignette.Rnw’
    
    SUMMARY: processing the following file failed:
     ‘hetGP_vignette.Rnw’
    
    Error: Vignette re-building failed.
    Execution halted
Flavor: r-oldrel-osx-x86_64