CRAN Package Check Results for Package heuristica

Last updated on 2019-03-19 06:48:01 CET.

Flavor Version Tinstall Tcheck Ttotal Status Flags
r-devel-linux-x86_64-debian-clang 1.0.1 3.31 129.42 132.73 OK
r-devel-linux-x86_64-debian-gcc 1.0.1 2.57 92.51 95.08 OK
r-devel-linux-x86_64-fedora-clang 1.0.1 147.72 OK
r-devel-linux-x86_64-fedora-gcc 1.0.1 139.68 OK
r-devel-windows-ix86+x86_64 1.0.1 11.00 171.00 182.00 OK
r-patched-linux-x86_64 1.0.1 1.61 105.93 107.54 OK
r-patched-solaris-x86 1.0.1 159.90 NOTE
r-release-linux-x86_64 1.0.1 1.93 104.09 106.02 OK
r-release-windows-ix86+x86_64 1.0.1 6.00 159.00 165.00 OK
r-release-osx-x86_64 1.0.1 OK
r-oldrel-windows-ix86+x86_64 1.0.1 5.00 179.00 184.00 WARN
r-oldrel-osx-x86_64 1.0.1 NOTE

Check Details

Version: 1.0.1
Check: package dependencies
Result: NOTE
    Package suggested but not available for checking: ‘devtools’
Flavors: r-patched-solaris-x86, r-oldrel-osx-x86_64

Version: 1.0.1
Check: re-building of vignette outputs
Result: WARN
    Error in re-building vignettes:
     ...
    Quitting from lines 189-191 (how-to-make-heuristic.Rmd)
    Error: processing vignette 'how-to-make-heuristic.Rmd' failed with diagnostics:
    could not find function "isFALSE"
    Execution halted
Flavor: r-oldrel-windows-ix86+x86_64