CRAN Package Check Results for Package hexbin

Last updated on 2019-10-18 18:47:53 CEST.

Flavor Version Tinstall Tcheck Ttotal Status Flags
r-devel-linux-x86_64-debian-clang 1.27.3 7.77 62.64 70.41 OK
r-devel-linux-x86_64-debian-gcc 1.27.3 6.91 47.38 54.29 OK
r-devel-linux-x86_64-fedora-clang 1.27.3 88.60 OK
r-devel-linux-x86_64-fedora-gcc 1.27.3 81.43 OK
r-devel-windows-ix86+x86_64 1.27.3 27.00 96.00 123.00 OK
r-patched-linux-x86_64 1.27.3 8.36 60.82 69.18 OK
r-patched-solaris-x86 1.27.3 116.30 OK
r-release-linux-x86_64 1.27.3 7.82 60.91 68.73 OK
r-release-windows-ix86+x86_64 1.27.3 20.00 131.00 151.00 OK
r-release-osx-x86_64 1.27.3 NOTE
r-oldrel-windows-ix86+x86_64 1.27.3 16.00 93.00 109.00 OK
r-oldrel-osx-x86_64 1.27.3 OK

Check Details

Version: 1.27.3
Check: package dependencies
Result: NOTE
    Packages suggested but not available for checking:
     'marray', 'affy', 'Biobase', 'limma'
Flavor: r-release-osx-x86_64

Version: 1.27.3
Check: Rd cross-references
Result: NOTE
    Package unavailable to check Rd xrefs: ‘limma’
Flavor: r-release-osx-x86_64