CRAN Package Check Results for Package hgutils

Last updated on 2022-08-09 02:52:56 CEST.

Flavor Version Tinstall Tcheck Ttotal Status Flags
r-devel-linux-x86_64-debian-clang 0.2.11 8.79 82.31 91.10 NOTE
r-devel-linux-x86_64-debian-gcc 0.2.11 6.86 61.45 68.31 NOTE
r-devel-linux-x86_64-fedora-clang 0.2.11 114.14 NOTE
r-devel-linux-x86_64-fedora-gcc 0.2.11 112.28 NOTE
r-devel-windows-x86_64 0.2.11 30.00 104.00 134.00 OK
r-patched-linux-x86_64 0.2.11 8.65 76.22 84.87 OK
r-release-linux-x86_64 0.2.11 OK
r-release-macos-arm64 0.2.11 35.00 NOTE
r-release-macos-x86_64 0.2.11 57.00 NOTE
r-release-windows-x86_64 0.2.11 31.00 103.00 134.00 OK
r-oldrel-macos-arm64 0.2.11 32.00 NOTE
r-oldrel-macos-x86_64 0.2.11 43.00 NOTE
r-oldrel-windows-ix86+x86_64 0.2.11 18.00 105.00 123.00 OK

Check Details

Version: 0.2.11
Check: HTML version of manual
Result: NOTE
    Found the following HTML validation problems:
    get_breaks.html:78:1: Warning: trimming empty <dt>
Flavors: r-devel-linux-x86_64-debian-clang, r-devel-linux-x86_64-debian-gcc

Version: 0.2.11
Check: dependencies in R code
Result: NOTE
    Namespace in Imports field not imported from: ‘usethis’
     All declared Imports should be used.
Flavors: r-devel-linux-x86_64-fedora-clang, r-devel-linux-x86_64-fedora-gcc, r-release-macos-arm64, r-release-macos-x86_64, r-oldrel-macos-arm64, r-oldrel-macos-x86_64