CRAN Package Check Results for Package hgutils

Last updated on 2022-12-03 02:50:51 CET.

Flavor Version Tinstall Tcheck Ttotal Status Flags
r-devel-linux-x86_64-debian-clang 0.2.11 8.15 82.29 90.44 OK
r-devel-linux-x86_64-debian-gcc 0.2.11 6.23 61.90 68.13 OK
r-devel-linux-x86_64-fedora-clang 0.2.11 123.72 NOTE
r-devel-linux-x86_64-fedora-gcc 0.2.11 123.71 NOTE
r-devel-windows-x86_64 0.2.11 35.00 115.00 150.00 OK
r-patched-linux-x86_64 0.2.11 8.76 75.27 84.03 OK
r-release-linux-x86_64 0.2.11 7.54 80.74 88.28 OK
r-release-macos-arm64 0.2.11 35.00 NOTE
r-release-macos-x86_64 0.2.11 57.00 NOTE
r-release-windows-x86_64 0.2.11 32.00 114.00 146.00 OK
r-oldrel-macos-arm64 0.2.11 32.00 NOTE
r-oldrel-macos-x86_64 0.2.11 43.00 NOTE
r-oldrel-windows-ix86+x86_64 0.2.11 20.00 103.00 123.00 OK

Check Details

Version: 0.2.11
Check: dependencies in R code
Result: NOTE
    Namespace in Imports field not imported from: ‘usethis’
     All declared Imports should be used.
Flavors: r-devel-linux-x86_64-fedora-clang, r-devel-linux-x86_64-fedora-gcc, r-release-macos-arm64, r-release-macos-x86_64, r-oldrel-macos-arm64, r-oldrel-macos-x86_64