CRAN Package Check Results for Package hhi

Last updated on 2023-02-06 08:52:14 CET.

Flavor Version Tinstall Tcheck Ttotal Status Flags
r-devel-linux-x86_64-debian-clang 1.2.0 1.85 23.42 25.27 NOTE
r-devel-linux-x86_64-debian-gcc 1.2.0 1.68 18.60 20.28 NOTE
r-devel-linux-x86_64-fedora-clang 1.2.0 33.07 NOTE
r-devel-linux-x86_64-fedora-gcc 1.2.0 32.70 NOTE
r-devel-windows-x86_64 1.2.0 6.00 61.00 67.00 NOTE
r-patched-linux-x86_64 1.2.0 1.77 23.18 24.95 NOTE
r-release-linux-x86_64 1.2.0 1.48 24.03 25.51 NOTE
r-release-macos-arm64 1.2.0 16.00 NOTE
r-release-macos-x86_64 1.2.0 26.00 NOTE
r-release-windows-x86_64 1.2.0 7.00 62.00 69.00 NOTE
r-oldrel-macos-arm64 1.2.0 18.00 NOTE
r-oldrel-macos-x86_64 1.2.0 34.00 NOTE
r-oldrel-windows-ix86+x86_64 1.2.0 6.00 48.00 54.00 NOTE

Check Details

Version: 1.2.0
Check: LazyData
Result: NOTE
     'LazyData' is specified without a 'data' directory
Flavors: r-devel-linux-x86_64-debian-clang, r-devel-linux-x86_64-debian-gcc, r-devel-linux-x86_64-fedora-clang, r-devel-linux-x86_64-fedora-gcc, r-devel-windows-x86_64, r-patched-linux-x86_64, r-release-linux-x86_64, r-release-macos-arm64, r-release-macos-x86_64, r-release-windows-x86_64, r-oldrel-macos-arm64, r-oldrel-macos-x86_64, r-oldrel-windows-ix86+x86_64