CRAN Package Check Results for Package hht

Last updated on 2022-01-22 06:48:55 CET.

Flavor Version Tinstall Tcheck Ttotal Status Flags
r-devel-linux-x86_64-debian-clang 2.1.4 10.98 102.74 113.72 OK
r-devel-linux-x86_64-debian-gcc 2.1.4 7.26 77.70 84.96 OK
r-devel-linux-x86_64-fedora-clang 2.1.4 138.26 NOTE
r-devel-linux-x86_64-fedora-gcc 2.1.4 123.18 NOTE
r-devel-windows-x86_64-new-UL 2.1.4 22.00 120.00 142.00 OK
r-devel-windows-x86_64-new-TK 2.1.4 NOTE
r-patched-linux-x86_64 2.1.4 7.27 97.83 105.10 OK
r-release-linux-x86_64 2.1.4 7.01 98.43 105.44 OK
r-release-macos-arm64 2.1.4 NOTE
r-release-macos-x86_64 2.1.4 NOTE
r-release-windows-ix86+x86_64 2.1.4 21.00 117.00 138.00 OK
r-oldrel-macos-x86_64 2.1.4 NOTE
r-oldrel-windows-ix86+x86_64 2.1.4 22.00 122.00 144.00 OK

Check Details

Version: 2.1.4
Check: dependencies in R code
Result: NOTE
    Namespace in Imports field not imported from: ‘spatstat.linnet’
     All declared Imports should be used.
Flavors: r-devel-linux-x86_64-fedora-clang, r-devel-linux-x86_64-fedora-gcc, r-devel-windows-x86_64-new-TK, r-release-macos-arm64, r-release-macos-x86_64, r-oldrel-macos-x86_64