CRAN Package Check Results for Package hht

Last updated on 2021-05-06 00:47:41 CEST.

Flavor Version Tinstall Tcheck Ttotal Status Flags
r-devel-linux-x86_64-debian-clang 2.1.4 10.08 92.60 102.68 OK
r-devel-linux-x86_64-debian-gcc 2.1.4 7.95 68.96 76.91 OK
r-devel-linux-x86_64-fedora-clang 2.1.4 129.01 NOTE
r-devel-linux-x86_64-fedora-gcc 2.1.4 120.94 NOTE
r-devel-windows-ix86+x86_64 2.1.4 17.00 116.00 133.00 OK
r-devel-windows-x86_64-gcc10-UCRT 2.1.4 NOTE
r-patched-linux-x86_64 2.1.4 9.67 89.10 98.77 OK
r-patched-solaris-x86 2.1.4 177.60 NOTE
r-release-linux-x86_64 2.1.4 8.24 85.89 94.13 OK
r-release-macos-x86_64 2.1.4 NOTE
r-release-windows-ix86+x86_64 2.1.4 16.00 89.00 105.00 OK
r-oldrel-macos-x86_64 2.1.4 NOTE
r-oldrel-windows-ix86+x86_64 2.1.4 19.00 89.00 108.00 OK

Check Details

Version: 2.1.4
Check: dependencies in R code
Result: NOTE
    Namespace in Imports field not imported from: ‘spatstat.linnet’
     All declared Imports should be used.
Flavors: r-devel-linux-x86_64-fedora-clang, r-devel-linux-x86_64-fedora-gcc, r-devel-windows-x86_64-gcc10-UCRT, r-patched-solaris-x86, r-release-macos-x86_64, r-oldrel-macos-x86_64