CRAN Package Check Results for Package hht

Last updated on 2024-04-18 03:51:57 CEST.

Flavor Version Tinstall Tcheck Ttotal Status Flags
r-devel-linux-x86_64-debian-clang 2.1.6 4.92 46.49 51.41 NOTE
r-devel-linux-x86_64-debian-gcc 2.1.6 3.53 33.49 37.02 NOTE
r-devel-linux-x86_64-fedora-clang 2.1.6 62.00 NOTE
r-devel-linux-x86_64-fedora-gcc 2.1.6 59.18 NOTE
r-prerel-macos-arm64 2.1.6 22.00 NOTE
r-prerel-windows-x86_64 2.1.6 5.00 58.00 63.00 NOTE
r-patched-linux-x86_64 2.1.6 4.30 43.56 47.86 NOTE
r-release-linux-x86_64 2.1.6 4.66 43.02 47.68 OK
r-release-macos-arm64 2.1.6 23.00 OK
r-release-macos-x86_64 2.1.6 34.00 OK
r-release-windows-x86_64 2.1.6 5.00 62.00 67.00 OK
r-oldrel-macos-arm64 2.1.6 21.00 OK
r-oldrel-windows-x86_64 2.1.6 5.00 65.00 70.00 OK

Check Details

Version: 2.1.6
Check: Rd files
Result: NOTE checkRd: (-1) EvolutiveFFT.Rd:22: Lost braces in \itemize; meant \describe ? checkRd: (-1) EvolutiveFFT.Rd:23: Lost braces in \itemize; meant \describe ? checkRd: (-1) EvolutiveFFT.Rd:24: Lost braces in \itemize; meant \describe ? checkRd: (-1) FTGramImage.Rd:33: Lost braces in \itemize; meant \describe ? checkRd: (-1) FTGramImage.Rd:34: Lost braces in \itemize; meant \describe ? checkRd: (-1) FTGramImage.Rd:35: Lost braces in \itemize; meant \describe ? checkRd: (-1) FTGramImage.Rd:36: Lost braces in \itemize; meant \describe ? checkRd: (-1) FTGramImage.Rd:37: Lost braces in \itemize; meant \describe ? checkRd: (-1) FTGramImage.Rd:38: Lost braces in \itemize; meant \describe ? checkRd: (-1) FTGramImage.Rd:39: Lost braces in \itemize; meant \describe ? checkRd: (-1) FTGramImage.Rd:40: Lost braces in \itemize; meant \describe ? checkRd: (-1) FTGramImage.Rd:41: Lost braces in \itemize; meant \describe ? checkRd: (-1) FTGramImage.Rd:42: Lost braces in \itemize; meant \describe ? checkRd: (-1) HHGramImage.Rd:34: Lost braces in \itemize; meant \describe ? checkRd: (-1) HHGramImage.Rd:35: Lost braces in \itemize; meant \describe ? checkRd: (-1) HHGramImage.Rd:36: Lost braces in \itemize; meant \describe ? checkRd: (-1) HHGramImage.Rd:37: Lost braces in \itemize; meant \describe ? checkRd: (-1) HHGramImage.Rd:38: Lost braces in \itemize; meant \describe ? checkRd: (-1) HHGramImage.Rd:39: Lost braces in \itemize; meant \describe ? checkRd: (-1) HHGramImage.Rd:40: Lost braces in \itemize; meant \describe ? checkRd: (-1) HHGramImage.Rd:41: Lost braces in \itemize; meant \describe ? checkRd: (-1) HHGramImage.Rd:42: Lost braces in \itemize; meant \describe ? checkRd: (-1) HHGramImage.Rd:43: Lost braces in \itemize; meant \describe ? checkRd: (-1) HHSpecPlot.Rd:24: Lost braces in \itemize; meant \describe ? checkRd: (-1) HHSpecPlot.Rd:25: Lost braces in \itemize; meant \describe ? checkRd: (-1) HHSpecPlot.Rd:26: Lost braces in \itemize; meant \describe ? checkRd: (-1) HHSpecPlot.Rd:27: Lost braces in \itemize; meant \describe ? checkRd: (-1) HHSpecPlot.Rd:28: Lost braces in \itemize; meant \describe ? checkRd: (-1) HHSpecPlot.Rd:29: Lost braces in \itemize; meant \describe ? checkRd: (-1) HHSpecPlot.Rd:30: Lost braces in \itemize; meant \describe ? checkRd: (-1) HHSpecPlot.Rd:31: Lost braces in \itemize; meant \describe ? checkRd: (-1) HHSpecPlot.Rd:32: Lost braces in \itemize; meant \describe ? checkRd: (-1) HHSpecPlot.Rd:33: Lost braces in \itemize; meant \describe ? checkRd: (-1) HHSpecPlot.Rd:34: Lost braces in \itemize; meant \describe ? checkRd: (-1) HHSpecPlot.Rd:35: Lost braces in \itemize; meant \describe ? checkRd: (-1) HHSpecPlot.Rd:36: Lost braces in \itemize; meant \describe ? Flavors: r-devel-linux-x86_64-debian-clang, r-devel-linux-x86_64-debian-gcc, r-devel-linux-x86_64-fedora-clang, r-devel-linux-x86_64-fedora-gcc, r-prerel-macos-arm64, r-prerel-windows-x86_64, r-patched-linux-x86_64