CRAN Package Check Results for Package hierband

Last updated on 2020-11-30 05:47:24 CET.

Flavor Version Tinstall Tcheck Ttotal Status Flags
r-devel-linux-x86_64-debian-clang 1.0 3.12 35.46 38.58 NOTE
r-devel-linux-x86_64-debian-gcc 1.0 2.06 27.01 29.07 NOTE
r-devel-linux-x86_64-fedora-clang 1.0 50.08 NOTE
r-devel-linux-x86_64-fedora-gcc 1.0 43.82 NOTE
r-devel-windows-ix86+x86_64 1.0 7.00 48.00 55.00 NOTE
r-patched-linux-x86_64 1.0 3.10 35.45 38.55 NOTE
r-patched-solaris-x86 1.0 64.20 NOTE
r-release-linux-x86_64 1.0 3.23 34.51 37.74 NOTE
r-release-macos-x86_64 1.0 NOTE
r-release-windows-ix86+x86_64 1.0 8.00 47.00 55.00 NOTE
r-oldrel-macos-x86_64 1.0 NOTE
r-oldrel-windows-ix86+x86_64 1.0 7.00 58.00 65.00 NOTE

Check Details

Version: 1.0
Check: R code for possible problems
Result: NOTE
    banded: no visible global function definition for 'toeplitz'
    gpband: no visible global function definition for 'toeplitz'
    hierband.cv: no visible global function definition for 'cov'
    hierband.cv: no visible binding for global variable 'sd'
    subdiag.thresh: no visible global function definition for 'uniroot'
    subdiag.thresh: no visible global function definition for 'toeplitz'
    Undefined global functions or variables:
     cov sd toeplitz uniroot
    Consider adding
     importFrom("stats", "cov", "sd", "toeplitz", "uniroot")
    to your NAMESPACE file.
Flavors: r-devel-linux-x86_64-debian-clang, r-devel-linux-x86_64-debian-gcc, r-devel-linux-x86_64-fedora-clang, r-devel-linux-x86_64-fedora-gcc, r-devel-windows-ix86+x86_64, r-patched-linux-x86_64, r-patched-solaris-x86, r-release-linux-x86_64, r-release-macos-x86_64, r-release-windows-ix86+x86_64, r-oldrel-macos-x86_64, r-oldrel-windows-ix86+x86_64

Version: 1.0
Check: compiled code
Result: NOTE
    File ‘hierband/libs/hierband.so’:
     Found no calls to: ‘R_registerRoutines’, ‘R_useDynamicSymbols’
    
    It is good practice to register native routines and to disable symbol
    search.
    
    See ‘Writing portable packages’ in the ‘Writing R Extensions’ manual.
Flavors: r-devel-linux-x86_64-fedora-clang, r-devel-linux-x86_64-fedora-gcc