CRAN Package Check Results for Package highcharter

Last updated on 2019-06-27 08:49:11 CEST.

Flavor Version Tinstall Tcheck Ttotal Status Flags
r-devel-linux-x86_64-debian-clang 0.7.0 10.49 102.47 112.96 OK
r-devel-linux-x86_64-debian-gcc 0.7.0 10.44 78.67 89.11 OK
r-devel-linux-x86_64-fedora-clang 0.7.0 131.68 NOTE
r-devel-linux-x86_64-fedora-gcc 0.7.0 123.62 OK
r-devel-windows-ix86+x86_64 0.7.0 40.00 229.00 269.00 NOTE
r-patched-linux-x86_64 0.7.0 12.83 99.07 111.90 OK
r-patched-solaris-x86 0.7.0 191.00 WARN
r-release-linux-x86_64 0.7.0 13.13 99.78 112.91 OK
r-release-windows-ix86+x86_64 0.7.0 26.00 202.00 228.00 NOTE
r-release-osx-x86_64 0.7.0 WARN
r-oldrel-windows-ix86+x86_64 0.7.0 20.00 158.00 178.00 NOTE
r-oldrel-osx-x86_64 0.7.0 WARN

Check Details

Version: 0.7.0
Check: installed package size
Result: NOTE
     installed size is 8.8Mb
     sub-directories of 1Mb or more:
     doc 3.7Mb
     htmlwidgets 4.0Mb
Flavors: r-devel-linux-x86_64-fedora-clang, r-devel-windows-ix86+x86_64, r-patched-solaris-x86, r-release-windows-ix86+x86_64, r-release-osx-x86_64, r-oldrel-windows-ix86+x86_64, r-oldrel-osx-x86_64

Version: 0.7.0
Check: re-building of vignette outputs
Result: WARN
    Error(s) in re-building vignettes:
     ...
    --- re-building ‘charting-data-frames.Rmd’ using rmarkdown
    Warning in engine$weave(file, quiet = quiet, encoding = enc) :
     Pandoc (>= 1.12.3) and/or pandoc-citeproc not available. Falling back to R Markdown v1.
    Highcharts (www.highcharts.com) is a Highsoft software product which is
    not free for commercial and Governmental use
    
    Attaching package: 'dplyr'
    
    The following objects are masked from 'package:stats':
    
     filter, lag
    
    The following objects are masked from 'package:base':
    
     intersect, setdiff, setequal, union
    
    Quitting from lines 52-53 (charting-data-frames.Rmd)
    Error: processing vignette 'charting-data-frames.Rmd' failed with diagnostics:
    there is no package called 'webshot'
    --- failed re-building ‘charting-data-frames.Rmd’
    
    --- re-building ‘charting-maps.Rmd’ using rmarkdown
    Warning in engine$weave(file, quiet = quiet, encoding = enc) :
     Pandoc (>= 1.12.3) and/or pandoc-citeproc not available. Falling back to R Markdown v1.
    Highcharts (www.highcharts.com) is a Highsoft software product which is
    not free for commercial and Governmental use
    --- finished re-building ‘charting-maps.Rmd’
    
    --- re-building ‘replicating-highcharts-demos.Rmd’ using rmarkdown
    Warning in engine$weave(file, quiet = quiet, encoding = enc) :
     Pandoc (>= 1.12.3) and/or pandoc-citeproc not available. Falling back to R Markdown v1.
    Quitting from lines 58-81 (replicating-highcharts-demos.Rmd)
    Error: processing vignette 'replicating-highcharts-demos.Rmd' failed with diagnostics:
    there is no package called 'webshot'
    --- failed re-building ‘replicating-highcharts-demos.Rmd’
    
    --- re-building ‘shiny-events-demo.Rmd’ using rmarkdown
    Warning in engine$weave(file, quiet = quiet, encoding = enc) :
     Pandoc (>= 1.12.3) and/or pandoc-citeproc not available. Falling back to R Markdown v1.
    --- finished re-building ‘shiny-events-demo.Rmd’
    
    SUMMARY: processing the following files failed:
     ‘charting-data-frames.Rmd’ ‘replicating-highcharts-demos.Rmd’
    
    Error: Vignette re-building failed.
    Execution halted
Flavor: r-patched-solaris-x86

Version: 0.7.0
Check: re-building of vignette outputs
Result: WARN
    Error(s) in re-building vignettes:
    --- re-building ‘charting-data-frames.Rmd’ using rmarkdown
    Warning in engine$weave(file, quiet = quiet, encoding = enc) :
     Pandoc (>= 1.12.3) and/or pandoc-citeproc not available. Falling back to R Markdown v1.
    Highcharts (www.highcharts.com) is a Highsoft software product which is
    not free for commercial and Governmental use
    
    Attaching package: 'dplyr'
    
    The following objects are masked from 'package:stats':
    
     filter, lag
    
    The following objects are masked from 'package:base':
    
     intersect, setdiff, setequal, union
    
    Quitting from lines 52-53 (charting-data-frames.Rmd)
    Error: processing vignette 'charting-data-frames.Rmd' failed with diagnostics:
    cannot open the connection
    --- failed re-building ‘charting-data-frames.Rmd’
    
    --- re-building ‘charting-maps.Rmd’ using rmarkdown
    Warning in engine$weave(file, quiet = quiet, encoding = enc) :
     Pandoc (>= 1.12.3) and/or pandoc-citeproc not available. Falling back to R Markdown v1.
    Highcharts (www.highcharts.com) is a Highsoft software product which is
    not free for commercial and Governmental use
    --- finished re-building ‘charting-maps.Rmd’
    
    --- re-building ‘replicating-highcharts-demos.Rmd’ using rmarkdown
    Warning in engine$weave(file, quiet = quiet, encoding = enc) :
     Pandoc (>= 1.12.3) and/or pandoc-citeproc not available. Falling back to R Markdown v1.
    Quitting from lines 58-81 (replicating-highcharts-demos.Rmd)
    Error: processing vignette 'replicating-highcharts-demos.Rmd' failed with diagnostics:
    cannot open the connection
    --- failed re-building ‘replicating-highcharts-demos.Rmd’
    
    --- re-building ‘shiny-events-demo.Rmd’ using rmarkdown
    Warning in engine$weave(file, quiet = quiet, encoding = enc) :
     Pandoc (>= 1.12.3) and/or pandoc-citeproc not available. Falling back to R Markdown v1.
    --- finished re-building ‘shiny-events-demo.Rmd’
    
    SUMMARY: processing the following files failed:
     ‘charting-data-frames.Rmd’ ‘replicating-highcharts-demos.Rmd’
    
    Error: Vignette re-building failed.
    Execution halted
Flavor: r-release-osx-x86_64

Version: 0.7.0
Check: re-building of vignette outputs
Result: WARN
    Error in re-building vignettes:
     ...
    Warning in engine$weave(file, quiet = quiet, encoding = enc) :
     Pandoc (>= 1.12.3) and/or pandoc-citeproc not available. Falling back to R Markdown v1.
    Highcharts (www.highcharts.com) is a Highsoft software product which is
    not free for commercial and Governmental use
    
    Attaching package: 'dplyr'
    
    The following objects are masked from 'package:stats':
    
     filter, lag
    
    The following objects are masked from 'package:base':
    
     intersect, setdiff, setequal, union
    
    Quitting from lines 52-53 (charting-data-frames.Rmd)
    Error: processing vignette 'charting-data-frames.Rmd' failed with diagnostics:
    cannot open the connection
    Execution halted
Flavor: r-oldrel-osx-x86_64