Last updated on 2022-05-20 11:51:04 CEST.
Flavor | Version | Tinstall | Tcheck | Ttotal | Status | Flags |
---|---|---|---|---|---|---|
r-devel-linux-x86_64-debian-clang | 1.4.7 | 16.32 | 184.70 | 201.02 | NOTE | |
r-devel-linux-x86_64-debian-gcc | 1.4.7 | 13.92 | 135.33 | 149.25 | NOTE | |
r-devel-linux-x86_64-fedora-clang | 1.4.7 | 242.76 | OK | |||
r-devel-linux-x86_64-fedora-gcc | 1.4.7 | 232.30 | OK | |||
r-devel-windows-x86_64 | 1.4.7 | 75.00 | 188.00 | 263.00 | NOTE | |
r-patched-linux-x86_64 | 1.4.7 | 14.96 | 169.06 | 184.02 | NOTE | |
r-release-linux-x86_64 | 1.4.7 | 18.53 | 171.07 | 189.60 | NOTE | |
r-release-macos-arm64 | 1.4.7 | 63.00 | NOTE | |||
r-release-macos-x86_64 | 1.4.7 | 105.00 | NOTE | |||
r-release-windows-x86_64 | 1.4.7 | 66.00 | 306.00 | 372.00 | NOTE | |
r-oldrel-macos-arm64 | 1.4.7 | 61.00 | NOTE | |||
r-oldrel-macos-x86_64 | 1.4.7 | 83.00 | NOTE | |||
r-oldrel-windows-ix86+x86_64 | 1.4.7 | 39.00 | 179.00 | 218.00 | OK |
Version: 1.4.7
Check: package dependencies
Result: NOTE
Package suggested but not available for checking: 'INLA'
Flavors: r-devel-linux-x86_64-debian-clang, r-devel-linux-x86_64-debian-gcc, r-devel-windows-x86_64, r-patched-linux-x86_64, r-release-linux-x86_64, r-release-macos-arm64, r-release-macos-x86_64, r-release-windows-x86_64, r-oldrel-macos-arm64, r-oldrel-macos-x86_64