CRAN Package Check Results for Package highs

Last updated on 2025-06-23 07:49:26 CEST.

Flavor Version Tinstall Tcheck Ttotal Status Flags
r-devel-linux-x86_64-debian-clang 1.10.0-2 677.79 38.97 716.76 OK
r-devel-linux-x86_64-debian-gcc 1.10.0-2 578.87 30.07 608.94 OK
r-devel-linux-x86_64-fedora-clang 1.10.0-2 1481.43 OK
r-devel-linux-x86_64-fedora-gcc 1.10.0-2 1532.61 OK
r-devel-windows-x86_64 1.10.0-2 964.00 111.00 1075.00 OK
r-patched-linux-x86_64 1.10.0-2 797.00 34.80 831.80 OK
r-release-linux-x86_64 1.10.0-2 799.18 35.02 834.20 OK
r-release-macos-arm64 1.10.0-2 240.00 OK
r-release-macos-x86_64 1.10.0-2 421.00 OK
r-release-windows-x86_64 1.10.0-2 967.00 108.00 1075.00 OK
r-oldrel-macos-arm64 1.10.0-2 300.00 NOTE
r-oldrel-macos-x86_64 1.10.0-2 387.00 NOTE
r-oldrel-windows-x86_64 1.10.0-2 899.00 132.00 1031.00 NOTE

Check Details

Version: 1.10.0-2
Check: installed package size
Result: NOTE installed size is 57.5Mb sub-directories of 1Mb or more: libs 57.3Mb Flavors: r-oldrel-macos-arm64, r-oldrel-macos-x86_64, r-oldrel-windows-x86_64