Last updated on 2023-02-08 04:07:05 CET.
Flavor | Version | Tinstall | Tcheck | Ttotal | Status | Flags |
---|---|---|---|---|---|---|
r-devel-linux-x86_64-debian-clang | 0.1-6 | 581.06 | 30.65 | 611.71 | NOTE | |
r-devel-linux-x86_64-debian-gcc | 0.1-6 | 731.09 | 24.06 | 755.15 | NOTE | |
r-devel-linux-x86_64-fedora-clang | 0.1-6 | 1014.88 | NOTE | |||
r-devel-linux-x86_64-fedora-gcc | 0.1-6 | 1288.44 | NOTE | |||
r-devel-windows-x86_64 | 0.1-6 | 1565.00 | 94.00 | 1659.00 | NOTE | |
r-patched-linux-x86_64 | 0.1-6 | 775.32 | 29.56 | 804.88 | OK | |
r-release-linux-x86_64 | 0.1-6 | 778.39 | 30.65 | 809.04 | OK | |
r-release-macos-arm64 | 0.1-6 | 237.00 | NOTE | |||
r-release-macos-x86_64 | 0.1-6 | 313.00 | NOTE | |||
r-release-windows-x86_64 | 0.1-6 | 1839.00 | 101.00 | 1940.00 | OK | |
r-oldrel-macos-arm64 | 0.1-6 | 219.00 | NOTE | |||
r-oldrel-macos-x86_64 | 0.1-6 | 305.00 | NOTE | |||
r-oldrel-windows-ix86+x86_64 | 0.1-6 | 8.00 | 17.00 | 25.00 | ERROR |
Version: 0.1-6
Check: C++ specification
Result: NOTE
Specified C++11: please update to current default of C++17
Flavors: r-devel-linux-x86_64-debian-clang, r-devel-windows-x86_64
Version: 0.1-6
Check: C++ specification
Result: NOTE
Specified C++11: please drop specification unless essential
Flavors: r-devel-linux-x86_64-debian-gcc, r-devel-linux-x86_64-fedora-clang, r-devel-linux-x86_64-fedora-gcc
Version: 0.1-6
Check: installed package size
Result: NOTE
installed size is 46.2Mb
sub-directories of 1Mb or more:
libs 46.1Mb
Flavors: r-release-macos-arm64, r-release-macos-x86_64, r-oldrel-macos-arm64, r-oldrel-macos-x86_64
Version: 0.1-6
Check: whether package can be installed
Result: ERROR
Installation failed.
Flavor: r-oldrel-windows-ix86+x86_64