CRAN Package Check Results for Package hipread

Last updated on 2022-01-29 07:53:18 CET.

Flavor Version Tinstall Tcheck Ttotal Status Flags
r-devel-linux-x86_64-debian-clang 0.2.2 132.89 56.22 189.11 NOTE
r-devel-linux-x86_64-debian-gcc 0.2.2 100.70 42.63 143.33 NOTE
r-devel-linux-x86_64-fedora-clang 0.2.2 285.51 NOTE
r-devel-linux-x86_64-fedora-gcc 0.2.2 257.16 NOTE
r-devel-windows-x86_64-new-UL 0.2.2 157.00 101.00 258.00 NOTE
r-devel-windows-x86_64-new-TK 0.2.2 NOTE
r-patched-linux-x86_64 0.2.2 NOTE
r-release-linux-x86_64 0.2.2 132.57 49.04 181.61 NOTE
r-release-macos-arm64 0.2.2 NOTE
r-release-macos-x86_64 0.2.2 NOTE
r-release-windows-ix86+x86_64 0.2.2 383.00 95.00 478.00 NOTE
r-oldrel-macos-x86_64 0.2.2 NOTE
r-oldrel-windows-ix86+x86_64 0.2.2 384.00 95.00 479.00 OK

Check Details

Version: 0.2.2
Check: LazyData
Result: NOTE
     'LazyData' is specified without a 'data' directory
Flavors: r-devel-linux-x86_64-debian-clang, r-devel-linux-x86_64-debian-gcc, r-devel-linux-x86_64-fedora-clang, r-devel-linux-x86_64-fedora-gcc, r-devel-windows-x86_64-new-UL, r-devel-windows-x86_64-new-TK, r-patched-linux-x86_64, r-release-linux-x86_64, r-release-macos-arm64, r-release-macos-x86_64, r-release-windows-ix86+x86_64

Version: 0.2.2
Check: installed package size
Result: NOTE
     installed size is 5.8Mb
     sub-directories of 1Mb or more:
     libs 5.4Mb
Flavors: r-release-macos-arm64, r-oldrel-macos-x86_64