CRAN Package Check Results for Package histogram

Last updated on 2020-10-01 03:48:38 CEST.

Flavor Version Tinstall Tcheck Ttotal Status Flags
r-devel-linux-x86_64-debian-clang 0.0-25 3.34 23.10 26.44 OK
r-devel-linux-x86_64-debian-gcc 0.0-25 0.24 1.82 2.06 ERROR
r-devel-linux-x86_64-fedora-clang 0.0-25 40.04 OK
r-devel-linux-x86_64-fedora-gcc 0.0-25 30.90 OK
r-devel-windows-ix86+x86_64 0.0-25 7.00 32.00 39.00 OK
r-patched-linux-x86_64 0.0-25 3.18 22.12 25.30 OK
r-patched-solaris-x86 0.0-25 46.80 OK
r-release-linux-x86_64 0.0-25 3.11 21.86 24.97 OK
r-release-macos-x86_64 0.0-25 OK
r-release-windows-ix86+x86_64 0.0-25 7.00 29.00 36.00 OK
r-oldrel-macos-x86_64 0.0-25 OK
r-oldrel-windows-ix86+x86_64 0.0-25 6.00 40.00 46.00 OK

Check Details

Version: 0.0-25
Check: whether package can be installed
Result: ERROR
    Installation failed.
Flavor: r-devel-linux-x86_64-debian-gcc