CRAN Package Check Results for Package histry

Last updated on 2019-05-25 20:46:34 CEST.

Flavor Version Tinstall Tcheck Ttotal Status Flags
r-devel-linux-x86_64-debian-clang 0.2.4 6.43 54.56 60.99 OK
r-devel-linux-x86_64-debian-gcc 0.2.4 5.42 45.32 50.74 OK
r-devel-linux-x86_64-fedora-clang 0.2.4 78.76 OK
r-devel-linux-x86_64-fedora-gcc 0.2.4 76.68 OK
r-devel-windows-ix86+x86_64 0.2.4 12.00 126.00 138.00 OK
r-patched-linux-x86_64 0.2.4 OK
r-patched-solaris-x86 0.2.4 115.90 OK
r-release-linux-x86_64 0.2.4 5.63 55.71 61.34 OK
r-release-windows-ix86+x86_64 0.2.4 18.00 98.00 116.00 OK
r-release-osx-x86_64 0.2.4 ERROR
r-oldrel-windows-ix86+x86_64 0.2.4 13.00 66.00 79.00 OK
r-oldrel-osx-x86_64 0.2.4 OK

Check Details

Version: 0.2.4
Check: package dependencies
Result: ERROR
    Packages required but not available: 'roprov', 'CodeDepends'
    
    Package suggested but not available for checking: ‘trackr’
    
    See section ‘The DESCRIPTION file’ in the ‘Writing R Extensions’
    manual.
Flavor: r-release-osx-x86_64