CRAN Package Check Results for Package histry

Last updated on 2019-08-21 22:48:40 CEST.

Flavor Version Tinstall Tcheck Ttotal Status Flags
r-devel-linux-x86_64-debian-clang 0.2.4 6.02 55.00 61.02 OK
r-devel-linux-x86_64-debian-gcc 0.2.4 OK
r-devel-linux-x86_64-fedora-clang 0.2.4 78.43 OK
r-devel-linux-x86_64-fedora-gcc 0.2.4 76.31 OK
r-devel-windows-ix86+x86_64 0.2.4 17.00 112.00 129.00 OK
r-patched-linux-x86_64 0.2.4 5.68 54.68 60.36 OK
r-patched-solaris-x86 0.2.4 120.50 OK
r-release-linux-x86_64 0.2.4 6.64 55.02 61.66 OK
r-release-windows-ix86+x86_64 0.2.4 12.00 68.00 80.00 OK
r-release-osx-x86_64 0.2.4 ERROR
r-oldrel-windows-ix86+x86_64 0.2.4 12.00 92.00 104.00 OK
r-oldrel-osx-x86_64 0.2.4 OK

Check Details

Version: 0.2.4
Check: package dependencies
Result: ERROR
    Packages required but not available: 'roprov', 'CodeDepends'
    
    Package suggested but not available for checking: ‘trackr’
    
    See section ‘The DESCRIPTION file’ in the ‘Writing R Extensions’
    manual.
Flavor: r-release-osx-x86_64