CRAN Package Check Results for Package hive

Last updated on 2022-05-17 08:52:20 CEST.

Flavor Version Tinstall Tcheck Ttotal Status Flags
r-devel-linux-x86_64-debian-clang 0.2-2 5.32 57.58 62.90 NOTE
r-devel-linux-x86_64-debian-gcc 0.2-2 4.86 43.39 48.25 NOTE
r-devel-linux-x86_64-fedora-clang 0.2-2 73.33 NOTE
r-devel-linux-x86_64-fedora-gcc 0.2-2 75.12 NOTE
r-devel-windows-x86_64 0.2-2 18.00 68.00 86.00 OK
r-patched-linux-x86_64 0.2-2 4.68 54.19 58.87 NOTE
r-release-linux-x86_64 0.2-2 6.08 55.02 61.10 NOTE
r-release-macos-arm64 0.2-2 21.00 OK
r-release-macos-x86_64 0.2-2 32.00 OK
r-release-windows-x86_64 0.2-2 10.00 75.00 85.00 OK
r-oldrel-macos-arm64 0.2-2 35.00 OK
r-oldrel-macos-x86_64 0.2-2 55.00 OK
r-oldrel-windows-ix86+x86_64 0.2-2 13.00 66.00 79.00 OK

Check Details

Version: 0.2-2
Check: package dependencies
Result: NOTE
    Package which this enhances but not available for checking: 'HadoopStreaming'
Flavors: r-devel-linux-x86_64-debian-clang, r-devel-linux-x86_64-debian-gcc, r-devel-linux-x86_64-fedora-clang, r-devel-linux-x86_64-fedora-gcc, r-patched-linux-x86_64, r-release-linux-x86_64