CRAN Package Check Results for Package hkdatasets

Last updated on 2021-12-05 05:52:49 CET.

Flavor Version Tinstall Tcheck Ttotal Status Flags
r-devel-linux-x86_64-debian-clang 1.0.0 2.77 35.21 37.98 OK
r-devel-linux-x86_64-debian-gcc 1.0.0 2.08 27.42 29.50 OK
r-devel-linux-x86_64-fedora-clang 1.0.0 46.87 NOTE
r-devel-linux-x86_64-fedora-gcc 1.0.0 35.40 NOTE
r-devel-windows-x86_64-new-UL 1.0.0 8.00 66.00 74.00 OK
r-devel-windows-x86_64-new-TK 1.0.0 NOTE
r-devel-windows-x86_64-old 1.0.0 6.00 32.00 38.00 OK
r-patched-linux-x86_64 1.0.0 2.54 25.28 27.82 OK
r-release-linux-x86_64 1.0.0 2.57 33.19 35.76 OK
r-release-macos-arm64 1.0.0 NOTE
r-release-macos-x86_64 1.0.0 NOTE
r-release-windows-ix86+x86_64 1.0.0 7.00 48.00 55.00 OK
r-oldrel-macos-x86_64 1.0.0 NOTE
r-oldrel-windows-ix86+x86_64 1.0.0 7.00 45.00 52.00 OK

Check Details

Version: 1.0.0
Check: data for non-ASCII characters
Result: NOTE
     Note: found 9638 marked UTF-8 strings
Flavors: r-devel-linux-x86_64-fedora-clang, r-devel-linux-x86_64-fedora-gcc, r-devel-windows-x86_64-new-TK, r-release-macos-arm64, r-release-macos-x86_64, r-oldrel-macos-x86_64