CRAN Package Check Results for Package hkex.api

Last updated on 2022-08-15 02:53:44 CEST.

Flavor Version Tinstall Tcheck Ttotal Status Flags
r-devel-linux-x86_64-debian-clang 0.1 3.79 38.34 42.13 NOTE
r-devel-linux-x86_64-debian-gcc 0.1 2.87 29.28 32.15 NOTE
r-devel-linux-x86_64-fedora-clang 0.1 67.19 NOTE
r-devel-linux-x86_64-fedora-gcc 0.1 59.76 NOTE
r-devel-windows-x86_64 0.1 9.00 69.00 78.00 NOTE
r-patched-linux-x86_64 0.1 3.90 36.46 40.36 NOTE
r-release-linux-x86_64 0.1 4.18 36.99 41.17 NOTE
r-release-macos-arm64 0.1 21.00 NOTE
r-release-macos-x86_64 0.1 28.00 NOTE
r-release-windows-x86_64 0.1 7.00 68.00 75.00 NOTE
r-oldrel-macos-arm64 0.1 25.00 NOTE
r-oldrel-macos-x86_64 0.1 34.00 NOTE
r-oldrel-windows-ix86+x86_64 0.1 10.00 55.00 65.00 NOTE

Check Details

Version: 0.1
Check: LazyData
Result: NOTE
     'LazyData' is specified without a 'data' directory
Flavors: r-devel-linux-x86_64-debian-clang, r-devel-linux-x86_64-debian-gcc, r-devel-linux-x86_64-fedora-clang, r-devel-linux-x86_64-fedora-gcc, r-devel-windows-x86_64, r-patched-linux-x86_64, r-release-linux-x86_64, r-release-macos-arm64, r-release-macos-x86_64, r-release-windows-x86_64, r-oldrel-macos-arm64, r-oldrel-macos-x86_64, r-oldrel-windows-ix86+x86_64