CRAN Package Check Results for Package hmcdm

Last updated on 2023-12-06 03:50:01 CET.

Flavor Version Tinstall Tcheck Ttotal Status Flags
r-devel-linux-x86_64-debian-clang 2.1.1 190.71 499.58 690.29 OK
r-devel-linux-x86_64-debian-gcc 2.1.1 120.93 423.14 544.07 OK
r-devel-linux-x86_64-fedora-clang 2.1.1 989.90 OK
r-devel-linux-x86_64-fedora-gcc 2.1.1 980.80 OK
r-devel-windows-x86_64 2.1.1 124.00 330.00 454.00 OK
r-patched-linux-x86_64 2.1.1 96.74 534.36 631.10 OK
r-release-linux-x86_64 2.1.1 110.01 553.10 663.11 OK
r-release-macos-arm64 2.1.1 277.00 NOTE
r-release-macos-x86_64 2.1.1 481.00 NOTE
r-release-windows-x86_64 2.1.1 162.00 576.00 738.00 OK
r-oldrel-macos-arm64 2.1.1 193.00 NOTE
r-oldrel-macos-x86_64 2.1.1 332.00 NOTE
r-oldrel-windows-x86_64 2.1.1 152.00 573.00 725.00 OK

Check Details

Version: 2.1.1
Check: installed package size
Result: NOTE installed size is 12.0Mb sub-directories of 1Mb or more: libs 11.1Mb Flavors: r-release-macos-arm64, r-release-macos-x86_64, r-oldrel-macos-arm64, r-oldrel-macos-x86_64