CRAN Package Check Results for Package hmgm

Last updated on 2020-08-05 06:47:24 CEST.

Flavor Version Tinstall Tcheck Ttotal Status Flags
r-devel-linux-x86_64-debian-clang 1.0.2 12.02 102.61 114.63 OK
r-devel-linux-x86_64-debian-gcc 1.0.2 10.21 76.95 87.16 OK
r-devel-linux-x86_64-fedora-clang 1.0.2 141.63 NOTE
r-devel-linux-x86_64-fedora-gcc 1.0.2 134.27 NOTE
r-devel-windows-ix86+x86_64 1.0.2 40.00 110.00 150.00 OK
r-patched-linux-x86_64 1.0.2 11.18 101.05 112.23 OK
r-patched-solaris-x86 1.0.2 191.40 NOTE
r-release-linux-x86_64 1.0.2 8.38 99.93 108.31 OK
r-release-macos-x86_64 1.0.2 NOTE
r-release-windows-ix86+x86_64 1.0.2 36.00 120.00 156.00 OK
r-oldrel-macos-x86_64 1.0.2 WARN
r-oldrel-windows-ix86+x86_64 1.0.2 22.00 131.00 153.00 OK

Check Details

Version: 1.0.2
Check: dependencies in R code
Result: NOTE
    Namespaces in Imports field not imported from:
     ‘Rcpp’ ‘methods’ ‘rgl’
     All declared Imports should be used.
Flavors: r-devel-linux-x86_64-fedora-clang, r-devel-linux-x86_64-fedora-gcc, r-patched-solaris-x86, r-release-macos-x86_64

Version: 1.0.2
Check: whether package can be installed
Result: WARN
    Found the following significant warnings:
     Warning: 'rgl_init' failed, running with rgl.useNULL = TRUE
Flavor: r-oldrel-macos-x86_64

Version: 1.0.2
Check: dependencies in R code
Result: NOTE
    No protocol specified
    Namespaces in Imports field not imported from:
     ‘Rcpp’ ‘methods’ ‘rgl’
     All declared Imports should be used.
Flavor: r-oldrel-macos-x86_64

Version: 1.0.2
Check: S3 generic/method consistency
Result: WARN
    No protocol specified
    See section ‘Generic functions and methods’ in the ‘Writing R
    Extensions’ manual.
Flavor: r-oldrel-macos-x86_64

Version: 1.0.2
Check: replacement functions
Result: WARN
    No protocol specified
    The argument of a replacement function which corresponds to the right
    hand side must be named ‘value’.
Flavor: r-oldrel-macos-x86_64

Version: 1.0.2
Check: foreign function calls
Result: NOTE
    No protocol specified
    See chapter ‘System and foreign language interfaces’ in the ‘Writing R
    Extensions’ manual.
Flavor: r-oldrel-macos-x86_64

Version: 1.0.2
Check: R code for possible problems
Result: NOTE
    No protocol specified
Flavor: r-oldrel-macos-x86_64

Version: 1.0.2
Check: for missing documentation entries
Result: WARN
    No protocol specified
    All user-level objects in a package should have documentation entries.
    See chapter ‘Writing R documentation files’ in the ‘Writing R
    Extensions’ manual.
Flavor: r-oldrel-macos-x86_64

Version: 1.0.2
Check: for code/documentation mismatches
Result: WARN
    No protocol specified
    No protocol specified
    No protocol specified
Flavor: r-oldrel-macos-x86_64

Version: 1.0.2
Check: Rd \usage sections
Result: NOTE
    No protocol specified
    The \usage entries for S3 methods should use the \method markup and not
    their full name.
    See chapter ‘Writing R documentation files’ in the ‘Writing R
    Extensions’ manual.
Flavor: r-oldrel-macos-x86_64