CRAN Package Check Results for Package hmlasso

Last updated on 2021-05-17 02:46:52 CEST.

Flavor Version Tinstall Tcheck Ttotal Status Flags
r-devel-linux-x86_64-debian-clang 0.0.1 30.86 82.40 113.26 NOTE
r-devel-linux-x86_64-debian-gcc 0.0.1 19.61 64.71 84.32 NOTE
r-devel-linux-x86_64-fedora-clang 0.0.1 143.80 NOTE
r-devel-linux-x86_64-fedora-gcc 0.0.1 132.70 NOTE
r-devel-windows-ix86+x86_64 0.0.1 74.00 133.00 207.00 NOTE
r-devel-windows-x86_64-gcc10-UCRT 0.0.1 NOTE
r-patched-linux-x86_64 0.0.1 22.75 80.09 102.84 NOTE
r-patched-solaris-x86 0.0.1 175.20 NOTE
r-release-linux-x86_64 0.0.1 22.46 77.46 99.92 OK
r-release-macos-x86_64 0.0.1 NOTE
r-release-windows-ix86+x86_64 0.0.1 45.00 106.00 151.00 OK
r-oldrel-macos-x86_64 0.0.1 NOTE
r-oldrel-windows-ix86+x86_64 0.0.1 42.00 137.00 179.00 OK

Check Details

Version: 0.0.1
Check: LazyData
Result: NOTE
     'LazyData' is specified without a 'data' directory
Flavors: r-devel-linux-x86_64-debian-clang, r-devel-linux-x86_64-debian-gcc, r-devel-linux-x86_64-fedora-clang, r-devel-linux-x86_64-fedora-gcc, r-devel-windows-ix86+x86_64, r-devel-windows-x86_64-gcc10-UCRT, r-patched-linux-x86_64, r-patched-solaris-x86

Version: 0.0.1
Check: dependencies in R code
Result: NOTE
    Namespace in Imports field not imported from: ‘MASS’
     All declared Imports should be used.
Flavors: r-devel-linux-x86_64-fedora-clang, r-devel-linux-x86_64-fedora-gcc, r-devel-windows-x86_64-gcc10-UCRT, r-patched-solaris-x86, r-release-macos-x86_64, r-oldrel-macos-x86_64