Last updated on 2023-06-07 01:03:27 CEST.
Flavor | Version | Tinstall | Tcheck | Ttotal | Status | Flags |
---|---|---|---|---|---|---|
r-devel-linux-x86_64-debian-clang | 1.0.1 | 177.65 | 257.33 | 434.98 | OK | |
r-devel-linux-x86_64-debian-gcc | 1.0.1 | 174.33 | 188.26 | 362.59 | OK | |
r-devel-linux-x86_64-fedora-clang | 1.0.1 | 530.36 | OK | |||
r-devel-linux-x86_64-fedora-gcc | 1.0.1 | 650.00 | OK | |||
r-devel-windows-x86_64 | 1.0.1 | 131.00 | 209.00 | 340.00 | NOTE | |
r-patched-linux-x86_64 | 1.0.1 | 133.42 | 245.37 | 378.79 | OK | |
r-release-linux-x86_64 | 1.0.1 | 134.21 | 237.78 | 371.99 | OK | |
r-release-macos-arm64 | 1.0.1 | 172.00 | NOTE | |||
r-release-macos-x86_64 | 1.0.1 | 281.00 | NOTE | |||
r-release-windows-x86_64 | 1.0.1 | 175.00 | 281.00 | 456.00 | NOTE | |
r-oldrel-macos-arm64 | 1.0.1 | 132.00 | NOTE | |||
r-oldrel-macos-x86_64 | 1.0.1 | 200.00 | NOTE | |||
r-oldrel-windows-x86_64 | 1.0.1 | 169.00 | 260.00 | 429.00 | NOTE |
Version: 1.0.1
Check: installed package size
Result: NOTE
installed size is 14.6Mb
sub-directories of 1Mb or more:
libs 13.6Mb
Flavors: r-devel-windows-x86_64, r-release-macos-arm64, r-release-macos-x86_64, r-release-windows-x86_64, r-oldrel-macos-arm64, r-oldrel-macos-x86_64, r-oldrel-windows-x86_64