CRAN Package Check Results for Package hmmr

Last updated on 2022-12-06 04:51:49 CET.

Flavor Version Tinstall Tcheck Ttotal Status Flags
r-devel-linux-x86_64-debian-clang 1.0-0 3.44 60.77 64.21 NOTE
r-devel-linux-x86_64-debian-gcc 1.0-0 3.66 45.71 49.37 NOTE
r-devel-linux-x86_64-fedora-clang 1.0-0 91.10 NOTE
r-devel-linux-x86_64-fedora-gcc 1.0-0 87.45 NOTE
r-devel-windows-x86_64 1.0-0 13.00 108.00 121.00 NOTE
r-patched-linux-x86_64 1.0-0 4.62 56.69 61.31 OK
r-release-linux-x86_64 1.0-0 5.01 58.88 63.89 OK
r-release-macos-arm64 1.0-0 26.00 OK
r-release-macos-x86_64 1.0-0 38.00 OK
r-release-windows-x86_64 1.0-0 15.00 99.00 114.00 OK
r-oldrel-macos-arm64 1.0-0 32.00 OK
r-oldrel-macos-x86_64 1.0-0 44.00 OK
r-oldrel-windows-ix86+x86_64 1.0-0 12.00 88.00 100.00 OK

Check Details

Version: 1.0-0
Check: Rd files
Result: NOTE
    checkRd: (-1) disc42.Rd:28: Escaped LaTeX specials: \&
    checkRd: (-1) discrimination.Rd:31: Escaped LaTeX specials: \&
Flavors: r-devel-linux-x86_64-debian-clang, r-devel-linux-x86_64-debian-gcc, r-devel-linux-x86_64-fedora-clang, r-devel-linux-x86_64-fedora-gcc, r-devel-windows-x86_64