Last updated on 2023-04-01 13:52:49 CEST.
Flavor | Version | Tinstall | Tcheck | Ttotal | Status | Flags |
---|---|---|---|---|---|---|
r-devel-linux-x86_64-debian-clang | 1.0-0 | 4.44 | 59.08 | 63.52 | NOTE | |
r-devel-linux-x86_64-debian-gcc | 1.0-0 | 3.86 | 44.60 | 48.46 | NOTE | |
r-devel-linux-x86_64-fedora-clang | 1.0-0 | 78.24 | NOTE | |||
r-devel-linux-x86_64-fedora-gcc | 1.0-0 | 77.74 | NOTE | |||
r-devel-windows-x86_64 | 1.0-0 | 9.00 | 100.00 | 109.00 | NOTE | |
r-patched-linux-x86_64 | 1.0-0 | 4.49 | 56.07 | 60.56 | NOTE | |
r-release-linux-x86_64 | 1.0-0 | 4.79 | 59.94 | 64.73 | OK | |
r-release-macos-arm64 | 1.0-0 | 26.00 | OK | |||
r-release-macos-x86_64 | 1.0-0 | 38.00 | OK | |||
r-release-windows-x86_64 | 1.0-0 | 19.00 | 100.00 | 119.00 | OK | |
r-oldrel-macos-arm64 | 1.0-0 | 32.00 | OK | |||
r-oldrel-macos-x86_64 | 1.0-0 | 44.00 | OK | |||
r-oldrel-windows-ix86+x86_64 | 1.0-0 | 11.00 | 89.00 | 100.00 | OK |
Version: 1.0-0
Check: Rd files
Result: NOTE
checkRd: (-1) disc42.Rd:28: Escaped LaTeX specials: \&
checkRd: (-1) discrimination.Rd:31: Escaped LaTeX specials: \&
Flavors: r-devel-linux-x86_64-debian-clang, r-devel-linux-x86_64-debian-gcc, r-devel-linux-x86_64-fedora-clang, r-devel-linux-x86_64-fedora-gcc, r-devel-windows-x86_64, r-patched-linux-x86_64