CRAN Package Check Results for Package hmmr

Last updated on 2024-04-24 05:07:15 CEST.

Flavor Version Tinstall Tcheck Ttotal Status Flags
r-devel-linux-x86_64-debian-clang 1.0-0 5.23 61.10 66.33 NOTE
r-devel-linux-x86_64-debian-gcc 1.0-0 3.22 44.86 48.08 NOTE
r-devel-linux-x86_64-fedora-clang 1.0-0 78.48 NOTE
r-devel-linux-x86_64-fedora-gcc 1.0-0 75.39 NOTE
r-prerel-macos-arm64 1.0-0 26.00 NOTE
r-prerel-windows-x86_64 1.0-0 5.00 70.00 75.00 NOTE
r-patched-linux-x86_64 1.0-0 5.06 57.91 62.97 NOTE
r-release-linux-x86_64 1.0-0 4.76 59.00 63.76 NOTE
r-release-macos-arm64 1.0-0 29.00 NOTE
r-release-macos-x86_64 1.0-0 44.00 NOTE
r-release-windows-x86_64 1.0-0 6.00 79.00 85.00 NOTE
r-oldrel-macos-arm64 1.0-0 35.00 OK
r-oldrel-windows-x86_64 1.0-0 7.00 83.00 90.00 OK

Check Details

Version: 1.0-0
Check: Rd files
Result: NOTE checkRd: (-1) disc42.Rd:28: Escaped LaTeX specials: \& checkRd: (-1) discrimination.Rd:31: Escaped LaTeX specials: \& Flavors: r-devel-linux-x86_64-debian-clang, r-devel-linux-x86_64-debian-gcc, r-devel-linux-x86_64-fedora-clang, r-devel-linux-x86_64-fedora-gcc, r-prerel-macos-arm64, r-prerel-windows-x86_64, r-patched-linux-x86_64, r-release-linux-x86_64, r-release-macos-arm64, r-release-macos-x86_64, r-release-windows-x86_64