CRAN Package Check Results for Package hoa

Last updated on 2021-12-01 03:55:30 CET.

Flavor Version Tinstall Tcheck Ttotal Status Flags
r-devel-linux-x86_64-debian-clang 2.1.4.1 20.70 138.73 159.43 OK
r-devel-linux-x86_64-debian-gcc 2.1.4.1 15.07 113.54 128.61 OK
r-devel-linux-x86_64-fedora-clang 2.1.4.1 202.99 NOTE
r-devel-linux-x86_64-fedora-gcc 2.1.4.1 190.82 OK
r-devel-windows-x86_64-new-UL 2.1.4.1 38.00 197.00 235.00 OK
r-devel-windows-x86_64-new-TK 2.1.4.1 OK
r-devel-windows-x86_64-old 2.1.4.1 27.00 125.00 152.00 OK
r-patched-linux-x86_64 2.1.4.1 20.22 133.40 153.62 OK
r-patched-solaris-x86 2.1.4.1 234.40 OK
r-release-linux-x86_64 2.1.4.1 16.68 135.45 152.13 OK
r-release-macos-arm64 2.1.4.1 OK
r-release-macos-x86_64 2.1.4.1 OK
r-release-windows-ix86+x86_64 2.1.4.1 33.00 132.00 165.00 OK
r-oldrel-macos-x86_64 2.1.4.1 OK
r-oldrel-windows-ix86+x86_64 2.1.4.1 23.00 168.00 191.00 OK

Check Details

Version: 2.1.4.1
Check: Rd cross-references
Result: NOTE
    Undeclared packages ‘nlreg’, ‘cond’, ‘marg’ in Rd xrefs
Flavor: r-devel-linux-x86_64-fedora-clang