CRAN Package Check Results for Package hoa

Last updated on 2020-08-15 21:47:51 CEST.

Flavor Version Tinstall Tcheck Ttotal Status Flags
r-devel-linux-x86_64-debian-clang 2.1.4.1 19.47 132.65 152.12 OK
r-devel-linux-x86_64-debian-gcc 2.1.4.1 16.78 104.11 120.89 OK
r-devel-linux-x86_64-fedora-clang 2.1.4.1 187.98 NOTE
r-devel-linux-x86_64-fedora-gcc 2.1.4.1 176.79 OK
r-devel-windows-ix86+x86_64 2.1.4.1 40.00 183.00 223.00 OK
r-patched-linux-x86_64 2.1.4.1 18.23 130.57 148.80 OK
r-patched-solaris-x86 2.1.4.1 225.90 OK
r-release-linux-x86_64 2.1.4.1 20.76 129.98 150.74 OK
r-release-macos-x86_64 2.1.4.1 OK
r-release-windows-ix86+x86_64 2.1.4.1 37.00 145.00 182.00 OK
r-oldrel-macos-x86_64 2.1.4.1 OK
r-oldrel-windows-ix86+x86_64 2.1.4.1 22.00 172.00 194.00 OK

Check Details

Version: 2.1.4.1
Check: Rd cross-references
Result: NOTE
    Undeclared packages ‘nlreg’, ‘cond’, ‘marg’ in Rd xrefs
Flavor: r-devel-linux-x86_64-fedora-clang