CRAN Package Check Results for Package hockeystick

Last updated on 2021-04-17 01:49:57 CEST.

Flavor Version Tinstall Tcheck Ttotal Status Flags
r-devel-linux-x86_64-debian-clang 0.5.0 6.91 62.84 69.75 OK
r-devel-linux-x86_64-debian-gcc 0.5.0 6.23 47.28 53.51 OK
r-devel-linux-x86_64-fedora-clang 0.5.0 101.79 OK
r-devel-linux-x86_64-fedora-gcc 0.5.0 87.17 OK
r-devel-windows-ix86+x86_64 0.5.0 19.00 87.00 106.00 OK
r-devel-windows-x86_64-gcc10-UCRT 0.4.0 NOTE
r-patched-linux-x86_64 0.5.0 7.98 59.08 67.06 OK
r-patched-solaris-x86 0.5.0 118.40 OK
r-release-linux-x86_64 0.4.0 6.07 56.42 62.49 OK
r-release-macos-x86_64 0.5.0 OK
r-release-windows-ix86+x86_64 0.4.0 18.00 80.00 98.00 OK
r-oldrel-macos-x86_64 0.5.0 NOTE
r-oldrel-windows-ix86+x86_64 0.4.0 11.00 70.00 81.00 OK

Check Details

Version: 0.4.0
Check: dependencies in R code
Result: NOTE
    Namespace in Imports field not imported from: 'viridisLite'
     All declared Imports should be used.
Flavor: r-devel-windows-x86_64-gcc10-UCRT

Version: 0.4.0
Check: LazyData
Result: NOTE
     'LazyData' is specified without a 'data' directory
Flavor: r-devel-windows-x86_64-gcc10-UCRT

Version: 0.5.0
Check: R code for possible problems
Result: NOTE
    get_hurricanes: no visible global function definition for ‘read_html’
    Undefined global functions or variables:
     read_html
Flavor: r-oldrel-macos-x86_64