CRAN Package Check Results for Package holodeck

Last updated on 2021-12-03 16:50:28 CET.

Flavor Version Tinstall Tcheck Ttotal Status Flags
r-devel-linux-x86_64-debian-clang 0.2.1 4.21 95.18 99.39 NOTE
r-devel-linux-x86_64-debian-gcc 0.2.1 2.90 67.45 70.35 NOTE
r-devel-linux-x86_64-fedora-clang 0.2.1 125.40 NOTE
r-devel-linux-x86_64-fedora-gcc 0.2.1 112.50 NOTE
r-devel-windows-x86_64-new-UL 0.2.1 10.00 143.00 153.00 NOTE
r-devel-windows-x86_64-new-TK 0.2.1 NOTE
r-devel-windows-x86_64-old 0.2.1 7.00 92.00 99.00 NOTE
r-patched-linux-x86_64 0.2.1 4.38 89.44 93.82 NOTE
r-release-linux-x86_64 0.2.1 4.18 88.96 93.14 NOTE
r-release-macos-arm64 0.2.1 NOTE
r-release-macos-x86_64 0.2.1 NOTE
r-release-windows-ix86+x86_64 0.2.1 11.00 122.00 133.00 NOTE
r-oldrel-macos-x86_64 0.2.1 OK
r-oldrel-windows-ix86+x86_64 0.2.1 11.00 122.00 133.00 OK

Check Details

Version: 0.2.1
Check: LazyData
Result: NOTE
     'LazyData' is specified without a 'data' directory
Flavors: r-devel-linux-x86_64-debian-clang, r-devel-linux-x86_64-debian-gcc, r-devel-linux-x86_64-fedora-clang, r-devel-linux-x86_64-fedora-gcc, r-devel-windows-x86_64-new-UL, r-devel-windows-x86_64-new-TK, r-devel-windows-x86_64-old, r-patched-linux-x86_64, r-release-linux-x86_64, r-release-macos-arm64, r-release-macos-x86_64, r-release-windows-ix86+x86_64