CRAN Package Check Results for Package homals

Last updated on 2022-01-29 11:51:08 CET.

Flavor Version Tinstall Tcheck Ttotal Status Flags
r-devel-linux-x86_64-debian-clang 1.0-9 6.02 67.57 73.59 OK
r-devel-linux-x86_64-debian-gcc 1.0-9 4.29 50.33 54.62 OK
r-devel-linux-x86_64-fedora-clang 1.0-9 84.43 NOTE
r-devel-linux-x86_64-fedora-gcc 1.0-9 75.14 OK
r-devel-windows-x86_64-new-UL 1.0-9 52.00 81.00 133.00 OK
r-devel-windows-x86_64-new-TK 1.0-9 OK
r-patched-linux-x86_64 1.0-9 OK
r-release-linux-x86_64 1.0-9 5.61 62.93 68.54 OK
r-release-macos-arm64 1.0-9 OK
r-release-macos-x86_64 1.0-9 OK
r-release-windows-ix86+x86_64 1.0-9 10.00 75.00 85.00 OK
r-oldrel-macos-x86_64 1.0-9 OK
r-oldrel-windows-ix86+x86_64 1.0-9 10.00 74.00 84.00 OK

Check Details

Version: 1.0-9
Check: Rd cross-references
Result: NOTE
    Undeclared package ‘rgl’ in Rd xrefs
Flavor: r-devel-linux-x86_64-fedora-clang