CRAN Package Check Results for Package homals

Last updated on 2022-12-02 04:00:11 CET.

Flavor Version Tinstall Tcheck Ttotal Status Flags
r-devel-linux-x86_64-debian-clang 1.0-10 5.16 57.48 62.64 OK
r-devel-linux-x86_64-debian-gcc 1.0-10 4.52 44.64 49.16 OK
r-devel-linux-x86_64-fedora-clang 1.0-10 93.47 NOTE
r-devel-linux-x86_64-fedora-gcc 1.0-10 94.30 OK
r-devel-windows-x86_64 1.0-10 28.00 91.00 119.00 OK
r-patched-linux-x86_64 1.0-10 4.88 55.94 60.82 OK
r-release-linux-x86_64 1.0-10 5.29 60.10 65.39 OK
r-release-macos-arm64 1.0-10 29.00 OK
r-release-macos-x86_64 1.0-10 37.00 OK
r-release-windows-x86_64 1.0-10 30.00 88.00 118.00 OK
r-oldrel-macos-arm64 1.0-10 28.00 OK
r-oldrel-macos-x86_64 1.0-10 34.00 OK
r-oldrel-windows-ix86+x86_64 1.0-10 11.00 79.00 90.00 OK

Check Details

Version: 1.0-10
Check: Rd cross-references
Result: NOTE
    Undeclared package ‘rgl’ in Rd xrefs
Flavor: r-devel-linux-x86_64-fedora-clang