Last updated on 2023-02-08 07:54:32 CET.
Flavor | Version | Tinstall | Tcheck | Ttotal | Status | Flags |
---|---|---|---|---|---|---|
r-devel-linux-x86_64-debian-clang | 0.11.5 | 51.96 | 131.27 | 183.23 | NOTE | |
r-devel-linux-x86_64-debian-gcc | 0.11.5 | 36.80 | 102.07 | 138.87 | NOTE | |
r-devel-linux-x86_64-fedora-clang | 0.11.5 | 234.82 | NOTE | |||
r-devel-linux-x86_64-fedora-gcc | 0.11.5 | 249.84 | NOTE | |||
r-devel-windows-x86_64 | 0.11.5 | 62.00 | 201.00 | 263.00 | NOTE | |
r-patched-linux-x86_64 | 0.11.5 | 40.68 | 126.09 | 166.77 | OK | |
r-release-linux-x86_64 | 0.11.5 | 35.41 | 126.87 | 162.28 | OK | |
r-release-macos-arm64 | 0.11.5 | 75.00 | NOTE | |||
r-release-macos-x86_64 | 0.11.5 | 101.00 | NOTE | |||
r-release-windows-x86_64 | 0.11.5 | 61.00 | 196.00 | 257.00 | OK | |
r-oldrel-macos-arm64 | 0.11.5 | 76.00 | NOTE | |||
r-oldrel-macos-x86_64 | 0.11.5 | 106.00 | NOTE | |||
r-oldrel-windows-ix86+x86_64 | 0.11.5 | 102.00 | 267.00 | 369.00 | OK |
Version: 0.11.5
Check: C++ specification
Result: NOTE
Specified C++11: please update to current default of C++17
Flavors: r-devel-linux-x86_64-debian-clang, r-devel-windows-x86_64
Version: 0.11.5
Check: C++ specification
Result: NOTE
Specified C++11: please drop specification unless essential
Flavors: r-devel-linux-x86_64-debian-gcc, r-devel-linux-x86_64-fedora-clang, r-devel-linux-x86_64-fedora-gcc
Version: 0.11.5
Check: installed package size
Result: NOTE
installed size is 10.8Mb
sub-directories of 1Mb or more:
libs 10.1Mb
Flavors: r-release-macos-arm64, r-release-macos-x86_64, r-oldrel-macos-arm64, r-oldrel-macos-x86_64