CRAN Package Check Results for Package horseshoenlm

Last updated on 2024-02-21 02:52:16 CET.

Flavor Version Tinstall Tcheck Ttotal Status Flags
r-devel-linux-x86_64-debian-clang 0.0.6 NOTE
r-devel-linux-x86_64-debian-gcc 0.0.6 2.68 42.05 44.73 NOTE
r-devel-linux-x86_64-fedora-clang 0.0.6 61.31 NOTE
r-devel-linux-x86_64-fedora-gcc 0.0.6 68.45 NOTE
r-devel-windows-x86_64 0.0.6 3.00 62.00 65.00 NOTE
r-patched-linux-x86_64 0.0.6 2.99 52.63 55.62 NOTE
r-release-linux-x86_64 0.0.6 2.85 52.16 55.01 NOTE
r-release-macos-arm64 0.0.6 28.00 NOTE
r-release-macos-x86_64 0.0.6 42.00 NOTE
r-release-windows-x86_64 0.0.6 5.00 66.00 71.00 NOTE
r-oldrel-macos-arm64 0.0.6 30.00 NOTE
r-oldrel-windows-x86_64 0.0.6 5.00 69.00 74.00 NOTE

Check Details

Version: 0.0.6
Check: LazyData
Result: NOTE 'LazyData' is specified without a 'data' directory Flavors: r-devel-linux-x86_64-debian-clang, r-devel-linux-x86_64-debian-gcc, r-devel-linux-x86_64-fedora-clang, r-devel-linux-x86_64-fedora-gcc, r-devel-windows-x86_64, r-patched-linux-x86_64, r-release-linux-x86_64, r-release-macos-arm64, r-release-macos-x86_64, r-release-windows-x86_64, r-oldrel-macos-arm64, r-oldrel-windows-x86_64

Version: 0.0.6
Check: dependencies in R code
Result: NOTE Namespace in Imports field not imported from: ‘survival’ All declared Imports should be used. Flavors: r-devel-linux-x86_64-fedora-clang, r-devel-linux-x86_64-fedora-gcc