CRAN Package Check Results for Package horseshoenlm

Last updated on 2021-08-05 23:50:18 CEST.

Flavor Version Tinstall Tcheck Ttotal Status Flags
r-devel-linux-x86_64-debian-clang 0.0.6 3.39 51.58 54.97 NOTE
r-devel-linux-x86_64-debian-gcc 0.0.6 2.54 39.58 42.12 NOTE
r-devel-linux-x86_64-fedora-clang 0.0.6 74.02 NOTE
r-devel-linux-x86_64-fedora-gcc 0.0.6 63.86 NOTE
r-devel-windows-x86_64 0.0.6 6.00 71.00 77.00 NOTE
r-devel-windows-x86_64-gcc10-UCRT 0.0.6 NOTE
r-patched-linux-x86_64 0.0.6 3.16 50.11 53.27 NOTE
r-patched-solaris-x86 0.0.6 97.70 NOTE
r-release-linux-x86_64 0.0.6 2.96 50.36 53.32 NOTE
r-release-macos-arm64 0.0.6 NOTE
r-release-macos-x86_64 0.0.6 NOTE
r-release-windows-ix86+x86_64 0.0.6 7.00 55.00 62.00 NOTE
r-oldrel-macos-x86_64 0.0.6 NOTE
r-oldrel-windows-ix86+x86_64 0.0.6 4.00 72.00 76.00 OK

Check Details

Version: 0.0.6
Check: LazyData
Result: NOTE
     'LazyData' is specified without a 'data' directory
Flavors: r-devel-linux-x86_64-debian-clang, r-devel-linux-x86_64-debian-gcc, r-devel-linux-x86_64-fedora-clang, r-devel-linux-x86_64-fedora-gcc, r-devel-windows-x86_64, r-devel-windows-x86_64-gcc10-UCRT, r-patched-linux-x86_64, r-patched-solaris-x86, r-release-linux-x86_64, r-release-macos-arm64, r-release-macos-x86_64, r-release-windows-ix86+x86_64

Version: 0.0.6
Check: dependencies in R code
Result: NOTE
    Namespace in Imports field not imported from: ‘survival’
     All declared Imports should be used.
Flavors: r-devel-linux-x86_64-fedora-clang, r-devel-linux-x86_64-fedora-gcc, r-devel-windows-x86_64-gcc10-UCRT, r-patched-solaris-x86, r-release-macos-arm64, r-release-macos-x86_64, r-oldrel-macos-x86_64