CRAN Package Check Results for Package hpiR

Last updated on 2019-09-18 19:46:28 CEST.

Flavor Version Tinstall Tcheck Ttotal Status Flags
r-devel-linux-x86_64-debian-clang 0.2.0 13.99 156.77 170.76 OK
r-devel-linux-x86_64-debian-gcc 0.2.0 14.54 115.96 130.50 OK
r-devel-linux-x86_64-fedora-clang 0.2.0 210.11 NOTE
r-devel-linux-x86_64-fedora-gcc 0.2.0 195.75 NOTE
r-devel-windows-ix86+x86_64 0.2.0 53.00 234.00 287.00 OK
r-patched-linux-x86_64 0.2.0 14.91 144.87 159.78 OK
r-patched-solaris-x86 0.2.0 324.60 NOTE
r-release-linux-x86_64 0.2.0 14.80 147.11 161.91 OK
r-release-windows-ix86+x86_64 0.2.0 30.00 250.00 280.00 OK
r-release-osx-x86_64 0.2.0 NOTE
r-oldrel-windows-ix86+x86_64 0.2.0 15.00 165.00 180.00 OK
r-oldrel-osx-x86_64 0.2.0 NOTE

Check Details

Version: 0.2.0
Check: dependencies in R code
Result: NOTE
    Namespace in Imports field not imported from: ‘knitr’
     All declared Imports should be used.
Flavors: r-devel-linux-x86_64-fedora-clang, r-devel-linux-x86_64-fedora-gcc, r-patched-solaris-x86, r-release-osx-x86_64, r-oldrel-osx-x86_64