CRAN Package Check Results for Package hpiR

Last updated on 2019-06-27 12:54:19 CEST.

Flavor Version Tinstall Tcheck Ttotal Status Flags
r-devel-linux-x86_64-debian-clang 0.2.0 14.42 157.86 172.28 OK
r-devel-linux-x86_64-debian-gcc 0.2.0 13.07 116.74 129.81 OK
r-devel-linux-x86_64-fedora-clang 0.2.0 195.48 NOTE
r-devel-linux-x86_64-fedora-gcc 0.2.0 189.34 NOTE
r-devel-windows-ix86+x86_64 0.2.0 54.00 232.00 286.00 OK
r-patched-linux-x86_64 0.2.0 12.90 146.20 159.10 OK
r-patched-solaris-x86 0.2.0 313.70 NOTE
r-release-linux-x86_64 0.2.0 12.86 148.09 160.95 OK
r-release-windows-ix86+x86_64 0.2.0 31.00 249.00 280.00 OK
r-release-osx-x86_64 0.2.0 NOTE
r-oldrel-windows-ix86+x86_64 0.2.0 18.00 163.00 181.00 OK
r-oldrel-osx-x86_64 0.2.0 NOTE

Check Details

Version: 0.2.0
Check: dependencies in R code
Result: NOTE
    Namespace in Imports field not imported from: ‘knitr’
     All declared Imports should be used.
Flavors: r-devel-linux-x86_64-fedora-clang, r-devel-linux-x86_64-fedora-gcc, r-patched-solaris-x86, r-release-osx-x86_64, r-oldrel-osx-x86_64