CRAN Package Check Results for Package hpoPlot

Last updated on 2020-03-30 09:51:30 CEST.

Flavor Version Tinstall Tcheck Ttotal Status Flags
r-devel-linux-x86_64-debian-clang 2.4 4.93 62.20 67.13 OK
r-devel-linux-x86_64-debian-gcc 2.4 4.94 49.86 54.80 OK
r-devel-linux-x86_64-fedora-clang 2.4 81.71 OK
r-devel-linux-x86_64-fedora-gcc 2.4 83.63 OK
r-devel-windows-ix86+x86_64 2.4 14.00 70.00 84.00 ERROR
r-devel-windows-ix86+x86_64-gcc8 2.4 11.00 66.00 77.00 ERROR
r-patched-linux-x86_64 2.4 5.26 61.75 67.01 OK
r-patched-solaris-x86 2.4 125.40 OK
r-release-linux-x86_64 2.4 5.23 57.60 62.83 OK
r-release-windows-ix86+x86_64 2.4 17.00 108.00 125.00 OK
r-release-osx-x86_64 2.4 OK
r-oldrel-windows-ix86+x86_64 2.4 10.00 94.00 104.00 OK
r-oldrel-osx-x86_64 2.4 OK

Check Details

Version: 2.4
Check: whether package can be installed
Result: WARN
    Found the following significant warnings:
     Warning: multiple methods tables found for 'plot'
Flavors: r-devel-windows-ix86+x86_64, r-devel-windows-ix86+x86_64-gcc8

Version: 2.4
Check: examples
Result: ERROR
    Running examples in 'hpoPlot-Ex.R' failed
    The error most likely occurred in:
    
    > ### Name: hpo.plot
    > ### Title: Plot HPO graph object
    > ### Aliases: hpo.plot
    >
    > ### ** Examples
    >
    > data(hpo.terms)
    > hpo.plot(
    + hpo.terms=hpo.terms,
    + terms=get.ancestors(hpo.terms,
    + c("HP:0001382","HP:0004272","HP:0007917","HP:0004912","HP:0001596"))
    + )
    Error in as.double(y) :
     cannot coerce type 'S4' to vector of type 'double'
    Calls: hpo.plot -> plot -> plot -> plot.default -> xy.coords
    Execution halted
Flavors: r-devel-windows-ix86+x86_64, r-devel-windows-ix86+x86_64-gcc8

Version: 2.4
Check: re-building of vignette outputs
Result: WARN
    Error(s) in re-building vignettes:
    --- re-building 'hpoPlot-guide.Rmd' using rmarkdown
    Warning in engine$weave(file, quiet = quiet, encoding = enc) :
     The vignette engine knitr::rmarkdown is not available, because the rmarkdown package is not installed. Please install it.
    Quitting from lines 23-24 (hpoPlot-guide.Rmd)
    Error: processing vignette 'hpoPlot-guide.Rmd' failed with diagnostics:
    cannot coerce type 'S4' to vector of type 'double'
    --- failed re-building 'hpoPlot-guide.Rmd'
    
    SUMMARY: processing the following file failed:
     'hpoPlot-guide.Rmd'
    
    Error: Vignette re-building failed.
    Execution halted
Flavors: r-devel-windows-ix86+x86_64, r-devel-windows-ix86+x86_64-gcc8