CRAN Package Check Results for Package hrcomprisk

Last updated on 2020-04-10 04:48:44 CEST.

Flavor Version Tinstall Tcheck Ttotal Status Flags
r-devel-linux-x86_64-debian-clang 0.1.1 7.12 89.85 96.97 OK
r-devel-linux-x86_64-debian-gcc 0.1.1 6.45 68.50 74.95 OK
r-devel-linux-x86_64-fedora-clang 0.1.1 117.23 OK
r-devel-linux-x86_64-fedora-gcc 0.1.1 136.91 OK
r-devel-windows-ix86+x86_64 0.1.1 15.00 144.00 159.00 OK
r-devel-windows-ix86+x86_64-gcc8 0.1.1 15.00 98.00 113.00 OK
r-patched-linux-x86_64 0.1.1 8.54 87.34 95.88 OK
r-patched-osx-x86_64 0.1.1 WARN
r-patched-solaris-x86 0.1.1 170.20 OK
r-release-linux-x86_64 0.1.1 5.63 80.18 85.81 OK
r-release-windows-ix86+x86_64 0.1.1 15.00 135.00 150.00 OK
r-release-osx-x86_64 0.1.1 OK
r-oldrel-windows-ix86+x86_64 0.1.1 12.00 109.00 121.00 OK
r-oldrel-osx-x86_64 0.1.1 OK

Check Details

Version: 0.1.1
Check: re-building of vignette outputs
Result: WARN
    Error(s) in re-building vignettes:
     ...
    --- re-building ‘hrcomprisk.Rmd’ using rmarkdown
    dyld: lazy symbol binding failed: Symbol not found: ____chkstk_darwin
     Referenced from: /usr/local/bin/pandoc (which was built for Mac OS X 10.15)
     Expected in: /usr/lib/libSystem.B.dylib
    
    dyld: Symbol not found: ____chkstk_darwin
     Referenced from: /usr/local/bin/pandoc (which was built for Mac OS X 10.15)
     Expected in: /usr/lib/libSystem.B.dylib
    
    Error: processing vignette 'hrcomprisk.Rmd' failed with diagnostics:
    pandoc document conversion failed with error 6
    --- failed re-building ‘hrcomprisk.Rmd’
    
    SUMMARY: processing the following file failed:
     ‘hrcomprisk.Rmd’
    
    Error: Vignette re-building failed.
    Execution halted
Flavor: r-patched-osx-x86_64