CRAN Package Check Results for Package hsdar

Last updated on 2021-10-27 18:51:04 CEST.

Flavor Version Tinstall Tcheck Ttotal Status Flags
r-devel-linux-x86_64-debian-clang 1.0.3 81.59 492.05 573.64 OK
r-devel-linux-x86_64-debian-gcc 1.0.3 70.06 358.44 428.50 OK
r-devel-linux-x86_64-fedora-clang 1.0.3 701.71 NOTE
r-devel-linux-x86_64-fedora-gcc 1.0.3 692.31 OK
r-devel-windows-x86_64 1.0.3 134.00 464.00 598.00 NOTE
r-devel-windows-x86_64-gcc10-UCRT 1.0.3 OK
r-patched-linux-x86_64 1.0.3 87.33 468.41 555.74 OK
r-patched-solaris-x86 1.0.3 672.30 NOTE
r-release-linux-x86_64 1.0.3 77.49 471.60 549.09 OK
r-release-macos-arm64 1.0.3 NOTE
r-release-macos-x86_64 1.0.3 NOTE
r-release-windows-ix86+x86_64 1.0.3 131.00 745.00 876.00 NOTE
r-oldrel-macos-x86_64 1.0.3 NOTE
r-oldrel-windows-ix86+x86_64 1.0.3 139.00 753.00 892.00 NOTE

Check Details

Version: 1.0.3
Check: installed package size
Result: NOTE
     installed size is 6.2Mb
     sub-directories of 1Mb or more:
     R 2.0Mb
     doc 2.5Mb
Flavors: r-devel-linux-x86_64-fedora-clang, r-devel-windows-x86_64, r-patched-solaris-x86, r-release-macos-arm64, r-release-macos-x86_64, r-release-windows-ix86+x86_64, r-oldrel-macos-x86_64, r-oldrel-windows-ix86+x86_64