CRAN Package Check Results for Package hsdar

Last updated on 2019-07-19 01:47:17 CEST.

Flavor Version Tinstall Tcheck Ttotal Status Flags
r-devel-linux-x86_64-debian-clang 1.0.0 56.94 284.55 341.49 OK
r-devel-linux-x86_64-debian-gcc 1.0.0 45.39 217.75 263.14 OK
r-devel-linux-x86_64-fedora-clang 1.0.0 415.12 NOTE
r-devel-linux-x86_64-fedora-gcc 1.0.0 449.20 OK
r-devel-windows-ix86+x86_64 1.0.0 166.00 390.00 556.00 NOTE
r-patched-linux-x86_64 1.0.0 55.58 278.27 333.85 OK
r-patched-solaris-x86 1.0.0 589.50 NOTE
r-release-linux-x86_64 1.0.0 55.03 278.41 333.44 OK
r-release-windows-ix86+x86_64 1.0.0 117.00 379.00 496.00 NOTE
r-release-osx-x86_64 1.0.0 NOTE
r-oldrel-windows-ix86+x86_64 1.0.0 105.00 465.00 570.00 NOTE
r-oldrel-osx-x86_64 1.0.0 NOTE

Check Details

Version: 1.0.0
Check: installed package size
Result: NOTE
     installed size is 6.0Mb
     sub-directories of 1Mb or more:
     R 1.8Mb
     doc 2.5Mb
Flavors: r-devel-linux-x86_64-fedora-clang, r-devel-windows-ix86+x86_64, r-patched-solaris-x86, r-release-windows-ix86+x86_64, r-release-osx-x86_64, r-oldrel-windows-ix86+x86_64, r-oldrel-osx-x86_64