CRAN Package Check Results for Package hsdar

Last updated on 2019-03-26 11:54:32 CET.

Flavor Version Tinstall Tcheck Ttotal Status Flags
r-devel-linux-x86_64-debian-clang 0.7.2 56.23 275.72 331.95 OK
r-devel-linux-x86_64-debian-gcc 0.7.2 48.05 216.49 264.54 OK
r-devel-linux-x86_64-fedora-clang 0.7.2 408.01 NOTE
r-devel-linux-x86_64-fedora-gcc 0.7.2 385.72 OK
r-devel-windows-ix86+x86_64 0.7.2 157.00 502.00 659.00 NOTE
r-patched-linux-x86_64 0.7.2 41.20 256.11 297.31 NOTE
r-patched-solaris-x86 0.7.2 538.40 NOTE
r-release-linux-x86_64 0.7.2 42.21 256.98 299.19 NOTE
r-release-windows-ix86+x86_64 0.7.2 126.00 377.00 503.00 NOTE
r-release-osx-x86_64 0.7.2 NOTE
r-oldrel-windows-ix86+x86_64 0.7.2 67.00 522.00 589.00 NOTE
r-oldrel-osx-x86_64 0.7.2 OK

Check Details

Version: 0.7.2
Check: installed package size
Result: NOTE
     installed size is 6.0Mb
     sub-directories of 1Mb or more:
     R 1.8Mb
     doc 2.5Mb
Flavors: r-devel-linux-x86_64-fedora-clang, r-devel-windows-ix86+x86_64, r-patched-solaris-x86, r-release-windows-ix86+x86_64, r-release-osx-x86_64, r-oldrel-windows-ix86+x86_64

Version: 0.7.2
Check: DESCRIPTION meta-information
Result: NOTE
    Dependence on R version ‘3.3.1’ not with patchlevel 0
Flavors: r-patched-linux-x86_64, r-release-linux-x86_64