CRAN Package Check Results for Package hsdar

Last updated on 2019-01-16 17:48:51 CET.

Flavor Version Tinstall Tcheck Ttotal Status Flags
r-devel-linux-x86_64-debian-clang 0.7.2 45.75 263.29 309.04 ERROR
r-devel-linux-x86_64-debian-gcc 0.7.2 38.68 217.60 256.28 OK
r-devel-linux-x86_64-fedora-clang 0.7.2 407.12 NOTE
r-devel-linux-x86_64-fedora-gcc 0.7.2 380.01 OK
r-devel-windows-ix86+x86_64 0.7.2 94.00 359.00 453.00 NOTE
r-patched-linux-x86_64 0.7.2 40.41 258.53 298.94 NOTE
r-patched-solaris-x86 0.7.2 513.70 NOTE
r-release-linux-x86_64 0.7.2 43.29 257.13 300.42 NOTE
r-release-windows-ix86+x86_64 0.7.2 121.00 334.00 455.00 NOTE
r-release-osx-x86_64 0.7.2 NOTE
r-oldrel-windows-ix86+x86_64 0.7.2 71.00 514.00 585.00 NOTE
r-oldrel-osx-x86_64 0.7.2 OK

Check Details

Version: 0.7.2
Check: examples
Result: ERROR
    Running examples in ‘hsdar-Ex.R’ failed
    The error most likely occurred in:
    
    > base::assign(".ptime", proc.time(), pos = "CheckExEnv")
    > ### Name: smgm
    > ### Title: SMGM
    > ### Aliases: smgm
    >
    > ### ** Examples
    >
    > ## Use PROSAIL to simulate spectra with different soil moisture content
    > Spektr.lib <- noiseFiltering(PROSAIL(parameterList = data.frame(psoil = seq(0,1,0.1),
    + LAI = 0)))
    >
    > smgm_val <- smgm(Spektr.lib)
    Error in regularize.values(x, y, ties, missing(ties)) :
     'ties' is not "ordered", a function, or list(<string>, <function>)
    Calls: smgm ... apply -> apply -> FUN -> approx -> regularize.values
    Execution halted
Flavor: r-devel-linux-x86_64-debian-clang

Version: 0.7.2
Check: re-building of vignette outputs
Result: WARN
    Error(s) in re-building vignettes:
     ...
    --- re-building ‘Hsdar-intro.Rnw’ using Sweave
    Loading required package: raster
    Loading required package: sp
    Loading required package: rgdal
    rgdal: version: 1.3-6, (SVN revision 773)
     Geospatial Data Abstraction Library extensions to R successfully loaded
     Loaded GDAL runtime: GDAL 2.4.0, released 2018/12/14
     Path to GDAL shared files: /usr/share/gdal
     GDAL binary built with GEOS: TRUE
     Loaded PROJ.4 runtime: Rel. 5.2.0, September 15th, 2018, [PJ_VERSION: 520]
     Path to PROJ.4 shared files: (autodetected)
     Linking to sp version: 1.3-1
    Loading required package: signal
    
    Attaching package: ‘signal’
    
    The following object is masked from ‘package:raster’:
    
     resample
    
    The following objects are masked from ‘package:stats’:
    
     filter, poly
    
    Loading required package: caret
    Loading required package: lattice
    Loading required package: ggplot2
    
    ###################################
     This is hsdar 0.7.2
     To get citation entry type
     'citation("hsdar")'
    ###################################
    
    Attaching package: ‘hsdar’
    
    The following object is masked from ‘package:raster’:
    
     nbands
    
    Warning in points2grid(points, tolerance, round) :
     cell size from constant coordinate 3 possibly taken from other coordinate
    
    Error: processing vignette 'Hsdar-intro.Rnw' failed with diagnostics:
     chunk 57
    Error in regularize.values(x, y, ties, missing(ties)) :
     'ties' is not "ordered", a function, or list(<string>, <function>)
    
    --- failed re-building ‘Hsdar-intro.Rnw’
    
    --- re-building ‘References.Rnw’ using Sweave
    --- finished re-building ‘References.Rnw’
    
    SUMMARY: processing the following file failed:
     ‘Hsdar-intro.Rnw’
    
    Error: Vignette re-building failed.
    Execution halted
Flavor: r-devel-linux-x86_64-debian-clang

Version: 0.7.2
Check: installed package size
Result: NOTE
     installed size is 6.0Mb
     sub-directories of 1Mb or more:
     R 1.8Mb
     doc 2.5Mb
Flavors: r-devel-linux-x86_64-fedora-clang, r-devel-windows-ix86+x86_64, r-patched-solaris-x86, r-release-windows-ix86+x86_64, r-release-osx-x86_64, r-oldrel-windows-ix86+x86_64

Version: 0.7.2
Check: DESCRIPTION meta-information
Result: NOTE
    Dependence on R version ‘3.3.1’ not with patchlevel 0
Flavors: r-patched-linux-x86_64, r-release-linux-x86_64