CRAN Package Check Results for Package hsm

Last updated on 2021-10-28 16:50:25 CEST.

Flavor Version Tinstall Tcheck Ttotal Status Flags
r-devel-linux-x86_64-debian-clang 0.2.0 3.14 24.40 27.54 NOTE
r-devel-linux-x86_64-debian-gcc 0.2.0 2.21 18.80 21.01 NOTE
r-devel-linux-x86_64-fedora-clang 0.2.0 43.46 NOTE
r-devel-linux-x86_64-fedora-gcc 0.2.0 33.46 NOTE
r-devel-windows-x86_64 0.2.0 7.00 41.00 48.00 NOTE
r-devel-windows-x86_64-gcc10-UCRT 0.2.0 NOTE
r-patched-linux-x86_64 0.2.0 2.73 21.46 24.19 NOTE
r-patched-solaris-x86 0.2.0 49.70 NOTE
r-release-linux-x86_64 0.2.0 2.78 21.70 24.48 NOTE
r-release-macos-arm64 0.2.0 NOTE
r-release-macos-x86_64 0.2.0 NOTE
r-release-windows-ix86+x86_64 0.2.0 10.00 48.00 58.00 NOTE
r-oldrel-macos-x86_64 0.2.0 OK
r-oldrel-windows-ix86+x86_64 0.2.0 10.00 48.00 58.00 OK

Check Details

Version: 0.2.0
Check: LazyData
Result: NOTE
     'LazyData' is specified without a 'data' directory
Flavors: r-devel-linux-x86_64-debian-clang, r-devel-linux-x86_64-debian-gcc, r-devel-linux-x86_64-fedora-clang, r-devel-linux-x86_64-fedora-gcc, r-devel-windows-x86_64, r-devel-windows-x86_64-gcc10-UCRT, r-patched-linux-x86_64, r-patched-solaris-x86, r-release-linux-x86_64, r-release-macos-arm64, r-release-macos-x86_64, r-release-windows-ix86+x86_64