CRAN Package Check Results for Package hsphase

Last updated on 2020-11-24 16:48:58 CET.

Flavor Version Tinstall Tcheck Ttotal Status Flags
r-devel-linux-x86_64-debian-clang 2.0.2 89.50 57.32 146.82 OK
r-devel-linux-x86_64-debian-gcc 2.0.2 74.65 42.34 116.99 OK
r-devel-linux-x86_64-fedora-clang 2.0.2 187.56 NOTE
r-devel-linux-x86_64-fedora-gcc 2.0.2 153.23 NOTE
r-devel-windows-ix86+x86_64 2.0.2 165.00 123.00 288.00 OK
r-patched-linux-x86_64 2.0.2 94.27 55.29 149.56 OK
r-patched-solaris-x86 2.0.2 147.20 OK
r-release-linux-x86_64 2.0.2 86.93 55.76 142.69 OK
r-release-macos-x86_64 2.0.2 OK
r-release-windows-ix86+x86_64 2.0.2 125.00 76.00 201.00 OK
r-oldrel-macos-x86_64 2.0.2 OK
r-oldrel-windows-ix86+x86_64 2.0.2 123.00 93.00 216.00 OK

Check Details

Version: 2.0.2
Check: compiled code
Result: NOTE
    File ‘hsphase/libs/hsphase.so’:
     Found no calls to: ‘R_registerRoutines’, ‘R_useDynamicSymbols’
    
    It is good practice to register native routines and to disable symbol
    search.
    
    See ‘Writing portable packages’ in the ‘Writing R Extensions’ manual.
Flavors: r-devel-linux-x86_64-fedora-clang, r-devel-linux-x86_64-fedora-gcc